Last updated on 2025-04-30 04:50:10 CEST.
Flavor | Version | Tinstall | Tcheck | Ttotal | Status | Flags |
---|---|---|---|---|---|---|
r-devel-linux-x86_64-debian-clang | 1.0 | 1.81 | 26.92 | 28.73 | NOTE | |
r-devel-linux-x86_64-debian-gcc | 1.0 | 1.48 | 21.98 | 23.46 | NOTE | |
r-devel-linux-x86_64-fedora-clang | 1.0 | 45.18 | OK | |||
r-devel-linux-x86_64-fedora-gcc | 1.0 | 56.97 | OK | |||
r-devel-windows-x86_64 | 1.0 | 3.00 | 78.00 | 81.00 | OK | |
r-patched-linux-x86_64 | 1.0 | 2.04 | 31.09 | 33.13 | OK | |
r-release-linux-x86_64 | 1.0 | 1.78 | 32.66 | 34.44 | OK | |
r-release-macos-arm64 | 1.0 | 28.00 | OK | |||
r-release-macos-x86_64 | 1.0 | 61.00 | OK | |||
r-release-windows-x86_64 | 1.0 | 2.00 | 77.00 | 79.00 | OK | |
r-oldrel-macos-arm64 | 1.0 | 27.00 | OK | |||
r-oldrel-macos-x86_64 | 1.0 | 37.00 | OK | |||
r-oldrel-windows-x86_64 | 1.0 | 3.00 | 80.00 | 83.00 | OK |
Version: 1.0
Check: CRAN incoming feasibility
Result: NOTE
Maintainer: ‘Ali Karimnezhad <ali_karimnezhad@yahoo.com>’
No Authors@R field in DESCRIPTION.
Please add one, modifying
Authors@R: c(person(given = "Ali",
family = "Karimnezhad",
role = c("aut", "cre"),
email = "ali_karimnezhad@yahoo.com"),
person(given = "Johnary",
family = "Kim",
role = "aut"),
person(given = "Anna",
family = "Akpawu",
role = "aut"),
person(given = "Justin",
family = "Chitpin",
role = "aut"),
person(given = c("David", "R"),
family = "Bickel",
role = "aut"))
as necessary.
Flavors: r-devel-linux-x86_64-debian-clang, r-devel-linux-x86_64-debian-gcc