Last updated on 2025-04-30 04:50:10 CEST.
Flavor | Version | Tinstall | Tcheck | Ttotal | Status | Flags |
---|---|---|---|---|---|---|
r-devel-linux-x86_64-debian-clang | 1.1 | 7.70 | 60.64 | 68.34 | NOTE | |
r-devel-linux-x86_64-debian-gcc | 1.1 | 5.57 | 44.48 | 50.05 | NOTE | |
r-devel-linux-x86_64-fedora-clang | 1.1 | 104.98 | OK | |||
r-devel-linux-x86_64-fedora-gcc | 1.1 | 101.54 | OK | |||
r-devel-windows-x86_64 | 1.1 | 8.00 | 76.00 | 84.00 | OK | |
r-patched-linux-x86_64 | 1.1 | 7.06 | 57.75 | 64.81 | OK | |
r-release-linux-x86_64 | 1.1 | 7.65 | 57.70 | 65.35 | OK | |
r-release-macos-arm64 | 1.1 | 43.00 | OK | |||
r-release-macos-x86_64 | 1.1 | 69.00 | OK | |||
r-release-windows-x86_64 | 1.1 | 8.00 | 72.00 | 80.00 | OK | |
r-oldrel-macos-arm64 | 1.1 | 34.00 | OK | |||
r-oldrel-macos-x86_64 | 1.1 | 48.00 | OK | |||
r-oldrel-windows-x86_64 | 1.1 | 10.00 | 88.00 | 98.00 | OK |
Version: 1.1
Check: CRAN incoming feasibility
Result: NOTE
Maintainer: ‘Zihuai He <zihuai@umich.edu>’
No Authors@R field in DESCRIPTION.
Please add one, modifying
Authors@R: c(person(given = "Zihuai",
family = "He",
role = c("aut", "cre"),
email = "zihuai@umich.edu"),
person(given = "Seunggeun",
family = "Lee",
role = "aut"),
person(given = "Bhramar",
family = "Mukherjee",
role = "aut"),
person(given = "Min",
family = "Zhang",
role = "aut"))
as necessary.
Flavors: r-devel-linux-x86_64-debian-clang, r-devel-linux-x86_64-debian-gcc