Last updated on 2025-04-30 04:50:10 CEST.
Flavor | Version | Tinstall | Tcheck | Ttotal | Status | Flags |
---|---|---|---|---|---|---|
r-devel-linux-x86_64-debian-clang | 1.0 | 10.13 | 77.04 | 87.17 | NOTE | |
r-devel-linux-x86_64-debian-gcc | 1.0 | 6.88 | 55.81 | 62.69 | NOTE | |
r-devel-linux-x86_64-fedora-clang | 1.0 | 135.40 | OK | |||
r-devel-linux-x86_64-fedora-gcc | 1.0 | 126.96 | OK | |||
r-devel-windows-x86_64 | 1.0 | 10.00 | 91.00 | 101.00 | OK | |
r-patched-linux-x86_64 | 1.0 | 9.84 | 72.71 | 82.55 | OK | |
r-release-linux-x86_64 | 1.0 | 9.08 | 72.28 | 81.36 | OK | |
r-release-macos-arm64 | 1.0 | 39.00 | OK | |||
r-release-macos-x86_64 | 1.0 | 110.00 | OK | |||
r-release-windows-x86_64 | 1.0 | 9.00 | 91.00 | 100.00 | OK | |
r-oldrel-macos-arm64 | 1.0 | 40.00 | OK | |||
r-oldrel-macos-x86_64 | 1.0 | 57.00 | OK | |||
r-oldrel-windows-x86_64 | 1.0 | 13.00 | 108.00 | 121.00 | OK |
Version: 1.0
Check: CRAN incoming feasibility
Result: NOTE
Maintainer: ‘Zihuai He <zihuai@umich.edu>’
No Authors@R field in DESCRIPTION.
Please add one, modifying
Authors@R: person(given = "Zihuai",
family = "He",
role = c("aut", "cre"),
email = "zihuai@umich.edu")
as necessary.
Flavors: r-devel-linux-x86_64-debian-clang, r-devel-linux-x86_64-debian-gcc