CRAN Package Check Results for Package LIM

Last updated on 2025-04-30 04:50:10 CEST.

Flavor Version Tinstall Tcheck Ttotal Status Flags
r-devel-linux-x86_64-debian-clang 1.4.7.1 3.76 55.76 59.52 NOTE
r-devel-linux-x86_64-debian-gcc 1.4.7.1 2.50 42.49 44.99 NOTE
r-devel-linux-x86_64-fedora-clang 1.4.7.1 92.91 OK
r-devel-linux-x86_64-fedora-gcc 1.4.7.1 104.27 OK
r-devel-windows-x86_64 1.4.7.1 5.00 128.00 133.00 OK
r-patched-linux-x86_64 1.4.7.1 4.73 54.41 59.14 OK
r-release-linux-x86_64 1.4.7.1 3.32 53.46 56.78 OK
r-release-macos-arm64 1.4.7.1 36.00 OK
r-release-macos-x86_64 1.4.7.1 84.00 OK
r-release-windows-x86_64 1.4.7.1 5.00 127.00 132.00 OK
r-oldrel-macos-arm64 1.4.7.1 38.00 OK
r-oldrel-macos-x86_64 1.4.7.1 60.00 OK
r-oldrel-windows-x86_64 1.4.7.1 5.00 130.00 135.00 OK

Check Details

Version: 1.4.7.1
Check: CRAN incoming feasibility
Result: NOTE Maintainer: ‘Karline Soetaert <karline.soetaert@nioz.nl>’ No Authors@R field in DESCRIPTION. Please add one, modifying Authors@R: c(person(given = "Karline", family = "Soetaert", role = c("aut", "cre"), email = "karline.soetaert@nioz.nl"), person(given = "Dick", family = "van Oevelen", role = "aut", email = "dick.vanoevelen@nioz.nl")) as necessary. Flavors: r-devel-linux-x86_64-debian-clang, r-devel-linux-x86_64-debian-gcc