Last updated on 2025-04-30 04:50:10 CEST.
Flavor | Version | Tinstall | Tcheck | Ttotal | Status | Flags |
---|---|---|---|---|---|---|
r-devel-linux-x86_64-debian-clang | 0.2.0 | 347.32 | 435.52 | 782.84 | NOTE | |
r-devel-linux-x86_64-debian-gcc | 0.2.0 | 311.82 | 259.05 | 570.87 | NOTE | |
r-devel-linux-x86_64-fedora-clang | 0.2.0 | 1185.28 | NOTE | |||
r-devel-linux-x86_64-fedora-gcc | 0.2.0 | 1401.37 | NOTE | |||
r-devel-windows-x86_64 | 0.2.0 | 355.00 | 401.00 | 756.00 | OK | |
r-patched-linux-x86_64 | 0.2.0 | 387.52 | 432.56 | 820.08 | OK | |
r-release-linux-x86_64 | 0.2.0 | 380.80 | 434.90 | 815.70 | OK | |
r-release-macos-arm64 | 0.2.0 | 267.00 | OK | |||
r-release-macos-x86_64 | 0.2.0 | 526.00 | OK | |||
r-release-windows-x86_64 | 0.2.0 | 346.00 | 402.00 | 748.00 | OK | |
r-oldrel-macos-arm64 | 0.2.0 | 148.00 | NOTE | |||
r-oldrel-macos-x86_64 | 0.2.0 | 247.00 | NOTE | |||
r-oldrel-windows-x86_64 | 0.2.0 | 382.00 | 566.00 | 948.00 | NOTE |
Version: 0.2.0
Check: CRAN incoming feasibility
Result: NOTE
Maintainer: ‘Stephen Martin <stephenSRMMartin@gmail.com>’
The BugReports field in DESCRIPTION has
https://github.com/stephenSRMMartin/LMMELSM
which should likely be
https://github.com/stephenSRMMartin/LMMELSM/issues
instead.
Flavors: r-devel-linux-x86_64-debian-clang, r-devel-linux-x86_64-debian-gcc
Version: 0.2.0
Check: dependencies in R code
Result: NOTE
Namespaces in Imports field not imported from:
‘RcppParallel’ ‘rstantools’
All declared Imports should be used.
Flavors: r-devel-linux-x86_64-fedora-clang, r-devel-linux-x86_64-fedora-gcc
Version: 0.2.0
Check: installed package size
Result: NOTE
installed size is 99.6Mb
sub-directories of 1Mb or more:
libs 98.6Mb
Flavors: r-oldrel-macos-arm64, r-oldrel-macos-x86_64
Version: 0.2.0
Check: for GNU extensions in Makefiles
Result: NOTE
GNU make is a SystemRequirements.
Flavors: r-oldrel-macos-arm64, r-oldrel-macos-x86_64, r-oldrel-windows-x86_64