Last updated on 2025-04-30 04:50:10 CEST.
Flavor | Version | Tinstall | Tcheck | Ttotal | Status | Flags |
---|---|---|---|---|---|---|
r-devel-linux-x86_64-debian-clang | 1.1.0 | 39.11 | 388.46 | 427.57 | NOTE | |
r-devel-linux-x86_64-debian-gcc | 1.1.0 | 25.39 | 244.57 | 269.96 | NOTE | |
r-devel-linux-x86_64-fedora-clang | 1.1.0 | 673.97 | OK | |||
r-devel-linux-x86_64-fedora-gcc | 1.1.0 | 655.18 | OK | |||
r-devel-windows-x86_64 | 1.1.0 | 39.00 | 341.00 | 380.00 | OK | |
r-patched-linux-x86_64 | 1.1.0 | 40.24 | 371.60 | 411.84 | OK | |
r-release-linux-x86_64 | 1.1.0 | 36.69 | 368.81 | 405.50 | OK | |
r-release-macos-arm64 | 1.1.0 | 191.00 | OK | |||
r-release-macos-x86_64 | 1.1.0 | 350.00 | OK | |||
r-release-windows-x86_64 | 1.1.0 | 39.00 | 344.00 | 383.00 | OK | |
r-oldrel-macos-arm64 | 1.1.0 | 153.00 | NOTE | |||
r-oldrel-macos-x86_64 | 1.1.0 | 275.00 | NOTE | |||
r-oldrel-windows-x86_64 | 1.1.0 | 51.00 | 467.00 | 518.00 | NOTE |
Version: 1.1.0
Check: examples
Result: NOTE
Examples with CPU (user + system) or elapsed time > 5s
user system elapsed
autoplot.lmm 6.396 0.124 9.251
scatterplot 6.092 0.032 8.234
anova.lmm 4.324 0.146 5.688
fitted.lmm 4.064 0.016 5.921
mlmm 3.848 0.046 5.300
Flavor: r-devel-linux-x86_64-debian-clang
Version: 1.1.0
Check: examples
Result: NOTE
Examples with CPU (user + system) or elapsed time > 5s
user system elapsed
autoplot.lmm 4.295 0.204 5.681
Flavor: r-devel-linux-x86_64-debian-gcc
Version: 1.1.0
Check: installed package size
Result: NOTE
installed size is 7.0Mb
sub-directories of 1Mb or more:
R 2.1Mb
doc-overview 2.2Mb
Flavors: r-oldrel-macos-arm64, r-oldrel-macos-x86_64, r-oldrel-windows-x86_64