Last updated on 2025-02-21 03:52:16 CET.
Flavor | Version | Tinstall | Tcheck | Ttotal | Status | Flags |
---|---|---|---|---|---|---|
r-devel-linux-x86_64-debian-clang | 1.1.3 | 34.73 | 60.79 | 95.52 | OK | |
r-devel-linux-x86_64-debian-gcc | 1.1.3 | 26.67 | 42.96 | 69.63 | OK | |
r-devel-linux-x86_64-fedora-clang | 1.1.3 | 171.95 | OK | |||
r-devel-linux-x86_64-fedora-gcc | 1.1.3 | 175.69 | OK | |||
r-devel-macos-arm64 | 1.1.3 | 50.00 | OK | |||
r-devel-macos-x86_64 | 1.1.3 | 111.00 | OK | |||
r-devel-windows-x86_64 | 1.1.3 | 37.00 | 94.00 | 131.00 | OK | |
r-patched-linux-x86_64 | 1.1.3 | 35.81 | 59.15 | 94.96 | OK | |
r-release-linux-x86_64 | 1.1.3 | 37.49 | 60.11 | 97.60 | OK | |
r-release-macos-arm64 | 1.1.3 | 50.00 | NOTE | |||
r-release-macos-x86_64 | 1.1.3 | 83.00 | NOTE | |||
r-release-windows-x86_64 | 1.1.3 | 38.00 | 96.00 | 134.00 | OK | |
r-oldrel-macos-arm64 | 1.1.3 | 61.00 | NOTE | |||
r-oldrel-macos-x86_64 | 1.1.3 | 89.00 | NOTE | |||
r-oldrel-windows-x86_64 | 1.1.3 | 45.00 | 107.00 | 152.00 | OK |
Version: 1.1.3
Check: installed package size
Result: NOTE
installed size is 8.0Mb
sub-directories of 1Mb or more:
libs 7.6Mb
Flavors: r-release-macos-arm64, r-release-macos-x86_64, r-oldrel-macos-arm64, r-oldrel-macos-x86_64