Last updated on 2025-04-30 04:50:10 CEST.
Flavor | Version | Tinstall | Tcheck | Ttotal | Status | Flags |
---|---|---|---|---|---|---|
r-devel-linux-x86_64-debian-clang | 1.1.1 | 2.50 | 30.02 | 32.52 | NOTE | |
r-devel-linux-x86_64-debian-gcc | 1.1.1 | 1.77 | 22.57 | 24.34 | OK | |
r-devel-linux-x86_64-fedora-clang | 1.1.1 | 49.51 | OK | |||
r-devel-linux-x86_64-fedora-gcc | 1.1.1 | 46.95 | OK | |||
r-devel-windows-x86_64 | 1.1.1 | 4.00 | 59.00 | 63.00 | OK | |
r-patched-linux-x86_64 | 1.1.1 | 2.74 | 27.67 | 30.41 | OK | |
r-release-linux-x86_64 | 1.1.1 | 2.44 | 27.86 | 30.30 | OK | |
r-release-macos-arm64 | 1.1.1 | 19.00 | OK | |||
r-release-macos-x86_64 | 1.1.1 | 31.00 | OK | |||
r-release-windows-x86_64 | 1.1.1 | 3.00 | 56.00 | 59.00 | OK | |
r-oldrel-macos-arm64 | 1.1.1 | 25.00 | OK | |||
r-oldrel-macos-x86_64 | 1.1.1 | 36.00 | OK | |||
r-oldrel-windows-x86_64 | 1.1.1 | 4.00 | 57.00 | 61.00 | OK |
Version: 1.1.1
Check: examples
Result: NOTE
Examples with CPU (user + system) or elapsed time > 5s
user system elapsed
LPfitProf 4.861 0.086 6.649
Flavor: r-devel-linux-x86_64-debian-clang