Last updated on 2025-04-30 04:50:10 CEST.
Flavor | Version | Tinstall | Tcheck | Ttotal | Status | Flags |
---|---|---|---|---|---|---|
r-devel-linux-x86_64-debian-clang | 0.5.0 | 32.67 | 68.12 | 100.79 | NOTE | |
r-devel-linux-x86_64-debian-gcc | 0.5.0 | 23.78 | 44.65 | 68.43 | NOTE | |
r-devel-linux-x86_64-fedora-clang | 0.5.0 | 180.21 | OK | |||
r-devel-linux-x86_64-fedora-gcc | 0.5.0 | 164.42 | OK | |||
r-devel-windows-x86_64 | 0.5.0 | 40.00 | 196.00 | 236.00 | OK | |
r-patched-linux-x86_64 | 0.5.0 | 34.02 | 64.67 | 98.69 | OK | |
r-release-linux-x86_64 | 0.5.0 | 30.91 | 63.45 | 94.36 | OK | |
r-release-macos-arm64 | 0.5.0 | 104.00 | OK | |||
r-release-macos-x86_64 | 0.5.0 | 186.00 | OK | |||
r-release-windows-x86_64 | 0.5.0 | 41.00 | 198.00 | 239.00 | OK | |
r-oldrel-macos-arm64 | 0.5.0 | 87.00 | NOTE | |||
r-oldrel-macos-x86_64 | 0.5.0 | 162.00 | NOTE | |||
r-oldrel-windows-x86_64 | 0.5.0 | 45.00 | 277.00 | 322.00 | OK |
Version: 0.5.0
Check: examples
Result: NOTE
Examples with CPU (user + system) or elapsed time > 5s
user system elapsed
jrmpc 8.916 0.074 11.23
Flavor: r-devel-linux-x86_64-debian-clang
Version: 0.5.0
Check: examples
Result: NOTE
Examples with CPU (user + system) or elapsed time > 5s
user system elapsed
jrmpc 4.451 0.035 5.636
Flavor: r-devel-linux-x86_64-debian-gcc
Version: 0.5.0
Check: installed package size
Result: NOTE
installed size is 6.2Mb
sub-directories of 1Mb or more:
libs 5.0Mb
Flavors: r-oldrel-macos-arm64, r-oldrel-macos-x86_64