CRAN Package Check Results for Package LPGraph

Last updated on 2025-04-30 04:50:10 CEST.

Flavor Version Tinstall Tcheck Ttotal Status Flags
r-devel-linux-x86_64-debian-clang 2.1 2.11 24.08 26.19 NOTE
r-devel-linux-x86_64-debian-gcc 2.1 1.78 19.04 20.82 NOTE
r-devel-linux-x86_64-fedora-clang 2.1 41.31 OK
r-devel-linux-x86_64-fedora-gcc 2.1 39.54 OK
r-devel-windows-x86_64 2.1 4.00 45.00 49.00 OK
r-patched-linux-x86_64 2.1 2.15 23.21 25.36 OK
r-release-linux-x86_64 2.1 1.97 23.25 25.22 OK
r-release-macos-arm64 2.1 17.00 OK
r-release-macos-x86_64 2.1 27.00 OK
r-release-windows-x86_64 2.1 4.00 45.00 49.00 OK
r-oldrel-macos-arm64 2.1 18.00 OK
r-oldrel-macos-x86_64 2.1 23.00 OK
r-oldrel-windows-x86_64 2.1 5.00 49.00 54.00 OK

Check Details

Version: 2.1
Check: CRAN incoming feasibility
Result: NOTE Maintainer: ‘Kaijun Wang <kaijun.wang@temple.edu>’ No Authors@R field in DESCRIPTION. Please add one, modifying Authors@R: c(person(given = "Subhadeep", family = "Mukhopadhyay", role = "aut"), person(given = "Kaijun", family = "Wang", role = c("aut", "cre"), email = "kaijun.wang@temple.edu")) as necessary. Flavors: r-devel-linux-x86_64-debian-clang, r-devel-linux-x86_64-debian-gcc