CRAN Package Check Results for Package LPower

Last updated on 2025-02-22 05:51:40 CET.

Flavor Version Tinstall Tcheck Ttotal Status Flags
r-devel-linux-x86_64-debian-clang 0.1.1 2.06 19.11 21.17 OK
r-devel-linux-x86_64-debian-gcc 0.1.1 1.66 15.78 17.44 OK
r-devel-linux-x86_64-fedora-clang 0.1.1 33.93 OK
r-devel-linux-x86_64-fedora-gcc 0.1.1 32.23 OK
r-devel-macos-arm64 0.1.1 16.00 OK
r-devel-macos-x86_64 0.1.1 23.00 OK
r-devel-windows-x86_64 0.1.1 3.00 40.00 43.00 OK
r-patched-linux-x86_64 0.1.1 1.92 18.15 20.07 NOTE
r-release-linux-x86_64 0.1.1 1.87 18.23 20.10 NOTE
r-release-macos-arm64 0.1.1 16.00 NOTE
r-release-macos-x86_64 0.1.1 21.00 NOTE
r-release-windows-x86_64 0.1.1 3.00 40.00 43.00 NOTE
r-oldrel-macos-arm64 0.1.1 16.00 NOTE
r-oldrel-macos-x86_64 0.1.1 21.00 NOTE
r-oldrel-windows-x86_64 0.1.1 3.00 37.00 40.00 NOTE

Check Details

Version: 0.1.1
Check: LazyData
Result: NOTE 'LazyData' is specified without a 'data' directory Flavors: r-patched-linux-x86_64, r-release-linux-x86_64, r-release-macos-arm64, r-release-macos-x86_64, r-release-windows-x86_64, r-oldrel-macos-arm64, r-oldrel-macos-x86_64, r-oldrel-windows-x86_64