Last updated on 2025-04-30 04:50:10 CEST.
Flavor | Version | Tinstall | Tcheck | Ttotal | Status | Flags |
---|---|---|---|---|---|---|
r-devel-linux-x86_64-debian-clang | 1.2.2 | 2.97 | 31.50 | 34.47 | NOTE | |
r-devel-linux-x86_64-debian-gcc | 1.2.2 | 2.52 | 24.77 | 27.29 | OK | |
r-devel-linux-x86_64-fedora-clang | 1.2.2 | 53.59 | OK | |||
r-devel-linux-x86_64-fedora-gcc | 1.2.2 | 51.12 | OK | |||
r-devel-windows-x86_64 | 1.2.2 | 4.00 | 58.00 | 62.00 | OK | |
r-patched-linux-x86_64 | 1.2.2 | 4.01 | 30.36 | 34.37 | OK | |
r-release-linux-x86_64 | 1.2.2 | 3.19 | 29.72 | 32.91 | OK | |
r-release-macos-arm64 | 1.2.2 | 23.00 | OK | |||
r-release-macos-x86_64 | 1.2.2 | 38.00 | OK | |||
r-release-windows-x86_64 | 1.2.2 | 5.00 | 57.00 | 62.00 | OK | |
r-oldrel-macos-arm64 | 1.2.2 | 22.00 | OK | |||
r-oldrel-macos-x86_64 | 1.2.2 | 48.00 | OK | |||
r-oldrel-windows-x86_64 | 1.2.2 | 6.00 | 62.00 | 68.00 | OK |
Version: 1.2.2
Check: examples
Result: NOTE
Examples with CPU (user + system) or elapsed time > 5s
user system elapsed
info.distance.lsd 3.042 0.397 5.049
Flavor: r-devel-linux-x86_64-debian-clang