Last updated on 2025-04-30 04:50:10 CEST.
Flavor | Version | Tinstall | Tcheck | Ttotal | Status | Flags |
---|---|---|---|---|---|---|
r-devel-linux-x86_64-debian-clang | 0.1.0 | 7.82 | 59.77 | 67.59 | NOTE | |
r-devel-linux-x86_64-debian-gcc | 0.1.0 | 6.22 | 41.34 | 47.56 | OK | |
r-devel-linux-x86_64-fedora-clang | 0.1.0 | 101.44 | OK | |||
r-devel-linux-x86_64-fedora-gcc | 0.1.0 | 93.25 | OK | |||
r-devel-windows-x86_64 | 0.1.0 | 11.00 | 79.00 | 90.00 | OK | |
r-patched-linux-x86_64 | 0.1.0 | 8.66 | 56.61 | 65.27 | OK | |
r-release-linux-x86_64 | 0.1.0 | 7.34 | 56.36 | 63.70 | OK | |
r-release-macos-arm64 | 0.1.0 | 41.00 | OK | |||
r-release-macos-x86_64 | 0.1.0 | 65.00 | OK | |||
r-release-windows-x86_64 | 0.1.0 | 14.00 | 81.00 | 95.00 | OK | |
r-oldrel-macos-arm64 | 0.1.0 | 35.00 | OK | |||
r-oldrel-macos-x86_64 | 0.1.0 | 81.00 | OK | |||
r-oldrel-windows-x86_64 | 0.1.0 | 12.00 | 95.00 | 107.00 | OK |
Version: 0.1.0
Check: examples
Result: NOTE
Examples with CPU (user + system) or elapsed time > 5s
user system elapsed
application 1.365 0.049 7.408
Flavor: r-devel-linux-x86_64-debian-clang