Last updated on 2025-04-30 04:50:10 CEST.
Flavor | Version | Tinstall | Tcheck | Ttotal | Status | Flags |
---|---|---|---|---|---|---|
r-devel-linux-x86_64-debian-clang | 1.0 | 5.45 | 54.83 | 60.28 | NOTE | |
r-devel-linux-x86_64-debian-gcc | 1.0 | 3.55 | 38.23 | 41.78 | NOTE | |
r-devel-linux-x86_64-fedora-clang | 1.0 | 101.31 | OK | |||
r-devel-linux-x86_64-fedora-gcc | 1.0 | 89.65 | OK | |||
r-devel-windows-x86_64 | 1.0 | 5.00 | 73.00 | 78.00 | OK | |
r-patched-linux-x86_64 | 1.0 | 5.23 | 53.78 | 59.01 | OK | |
r-release-linux-x86_64 | 1.0 | 5.15 | 52.40 | 57.55 | OK | |
r-release-macos-arm64 | 1.0 | 33.00 | OK | |||
r-release-macos-x86_64 | 1.0 | 50.00 | OK | |||
r-release-windows-x86_64 | 1.0 | 6.00 | 73.00 | 79.00 | OK | |
r-oldrel-macos-arm64 | 1.0 | 27.00 | OK | |||
r-oldrel-macos-x86_64 | 1.0 | 41.00 | OK | |||
r-oldrel-windows-x86_64 | 1.0 | 8.00 | 81.00 | 89.00 | OK |
Version: 1.0
Check: CRAN incoming feasibility
Result: NOTE
Maintainer: ‘Mikhail A. Beketov <mikhail.beketov@gmx.de>’
No Authors@R field in DESCRIPTION.
Please add one, modifying
Authors@R: person(given = c("Mikhail", "A."),
family = "Beketov",
role = c("aut", "cre"),
email = "mikhail.beketov@gmx.de")
as necessary.
Found the following \keyword or \concept entries
which likely give several index terms:
File ‘LSMonteCarlo-package.Rd’:
\keyword{
Quantitative Finance
Option pricing
Mon [TRUNCATED]
Flavors: r-devel-linux-x86_64-debian-clang, r-devel-linux-x86_64-debian-gcc