CRAN Package Check Results for Package LSPFP

Last updated on 2025-04-30 04:50:10 CEST.

Flavor Version Tinstall Tcheck Ttotal Status Flags
r-devel-linux-x86_64-debian-clang 1.0.3 6.92 43.49 50.41 NOTE
r-devel-linux-x86_64-debian-gcc 1.0.3 4.60 30.59 35.19 NOTE
r-devel-linux-x86_64-fedora-clang 1.0.3 78.97 OK
r-devel-linux-x86_64-fedora-gcc 1.0.3 72.04 OK
r-devel-windows-x86_64 1.0.3 8.00 60.00 68.00 OK
r-patched-linux-x86_64 1.0.3 6.35 40.72 47.07 OK
r-release-linux-x86_64 1.0.3 6.15 40.37 46.52 OK
r-release-macos-arm64 1.0.3 38.00 OK
r-release-macos-x86_64 1.0.3 41.00 OK
r-release-windows-x86_64 1.0.3 7.00 60.00 67.00 OK
r-oldrel-macos-arm64 1.0.3 24.00 OK
r-oldrel-macos-x86_64 1.0.3 34.00 OK
r-oldrel-windows-x86_64 1.0.3 9.00 67.00 76.00 OK

Check Details

Version: 1.0.3
Check: CRAN incoming feasibility
Result: NOTE Maintainer: ‘Gereon Poschmann <gereon.poschmann@hhu.de>’ No Authors@R field in DESCRIPTION. Please add one, modifying Authors@R: c(person(given = "Rafael", family = "Dellen", role = "aut"), person(given = c("with", "contributions", "of", "Fabian"), family = "Kruse", role = "aut"), person(given = "Gereon", family = "Poschmann", role = "cre", email = "gereon.poschmann@hhu.de")) as necessary. Flavors: r-devel-linux-x86_64-debian-clang, r-devel-linux-x86_64-debian-gcc