Last updated on 2025-04-30 04:50:10 CEST.
Flavor | Version | Tinstall | Tcheck | Ttotal | Status | Flags |
---|---|---|---|---|---|---|
r-devel-linux-x86_64-debian-clang | 2.1 | 5.82 | 65.79 | 71.61 | NOTE | |
r-devel-linux-x86_64-debian-gcc | 2.1 | 3.46 | 44.65 | 48.11 | NOTE | |
r-devel-linux-x86_64-fedora-clang | 2.1 | 105.91 | NOTE | |||
r-devel-linux-x86_64-fedora-gcc | 2.1 | 101.25 | NOTE | |||
r-devel-windows-x86_64 | 2.1 | 7.00 | 79.00 | 86.00 | NOTE | |
r-patched-linux-x86_64 | 2.1 | 5.16 | 61.69 | 66.85 | NOTE | |
r-release-linux-x86_64 | 2.1 | 5.39 | 62.48 | 67.87 | NOTE | |
r-release-macos-arm64 | 2.1 | 36.00 | NOTE | |||
r-release-macos-x86_64 | 2.1 | 94.00 | NOTE | |||
r-release-windows-x86_64 | 2.1 | 9.00 | 78.00 | 87.00 | NOTE | |
r-oldrel-macos-arm64 | 2.1 | 32.00 | NOTE | |||
r-oldrel-macos-x86_64 | 2.1 | 61.00 | NOTE | |||
r-oldrel-windows-x86_64 | 2.1 | 9.00 | 96.00 | 105.00 | NOTE |
Version: 2.1
Check: Rd files
Result: NOTE
checkRd: (-1) LS.kalman.Rd:65: Escaped LaTeX specials: \&
checkRd: (-1) spectral.density.Rd:55: Escaped LaTeX specials: \&
Flavors: r-devel-linux-x86_64-debian-clang, r-devel-linux-x86_64-debian-gcc, r-devel-linux-x86_64-fedora-clang, r-devel-linux-x86_64-fedora-gcc, r-devel-windows-x86_64, r-patched-linux-x86_64, r-release-linux-x86_64, r-release-macos-arm64, r-release-macos-x86_64, r-release-windows-x86_64, r-oldrel-macos-arm64, r-oldrel-macos-x86_64, r-oldrel-windows-x86_64
Version: 2.1
Check: examples
Result: NOTE
Examples with CPU (user + system) or elapsed time > 5s
user system elapsed
LS.summary 4.434 0.063 5.732
Flavor: r-devel-linux-x86_64-debian-clang
Version: 2.1
Check: dependencies in R code
Result: NOTE
Namespace in Imports field not imported from: ‘Rdpack’
All declared Imports should be used.
Flavors: r-devel-linux-x86_64-fedora-clang, r-devel-linux-x86_64-fedora-gcc