CRAN Package Check Results for Package LSVAR

Last updated on 2025-04-30 04:50:10 CEST.

Flavor Version Tinstall Tcheck Ttotal Status Flags
r-devel-linux-x86_64-debian-clang 1.2 2.58 31.79 34.37 NOTE
r-devel-linux-x86_64-debian-gcc 1.2 2.22 24.89 27.11 NOTE
r-devel-linux-x86_64-fedora-clang 1.2 55.41 OK
r-devel-linux-x86_64-fedora-gcc 1.2 65.79 OK
r-devel-windows-x86_64 1.2 4.00 53.00 57.00 OK
r-patched-linux-x86_64 1.2 2.87 30.88 33.75 OK
r-release-linux-x86_64 1.2 3.03 30.37 33.40 OK
r-release-macos-arm64 1.2 54.00 OK
r-release-macos-x86_64 1.2 46.00 OK
r-release-windows-x86_64 1.2 4.00 55.00 59.00 OK
r-oldrel-macos-arm64 1.2 27.00 OK
r-oldrel-macos-x86_64 1.2 37.00 OK
r-oldrel-windows-x86_64 1.2 5.00 58.00 63.00 OK

Check Details

Version: 1.2
Check: CRAN incoming feasibility
Result: NOTE Maintainer: ‘Peiliang Bai <baipl92@ufl.edu>’ No Authors@R field in DESCRIPTION. Please add one, modifying Authors@R: person(given = "Peiliang", family = "Bai", role = c("aut", "cre"), email = "baipl92@ufl.edu") as necessary. Flavors: r-devel-linux-x86_64-debian-clang, r-devel-linux-x86_64-debian-gcc