Last updated on 2025-04-30 04:50:10 CEST.
Flavor | Version | Tinstall | Tcheck | Ttotal | Status | Flags |
---|---|---|---|---|---|---|
r-devel-linux-x86_64-debian-clang | 1.0.0 | 8.15 | 75.68 | 83.83 | NOTE | |
r-devel-linux-x86_64-debian-gcc | 1.0.0 | 5.16 | 50.07 | 55.23 | NOTE | |
r-devel-linux-x86_64-fedora-clang | 1.0.0 | 119.93 | OK | |||
r-devel-linux-x86_64-fedora-gcc | 1.0.0 | 112.85 | OK | |||
r-devel-windows-x86_64 | 1.0.0 | 9.00 | 84.00 | 93.00 | OK | |
r-patched-linux-x86_64 | 1.0.0 | 7.19 | 68.66 | 75.85 | OK | |
r-release-linux-x86_64 | 1.0.0 | 7.28 | 69.20 | 76.48 | OK | |
r-release-macos-arm64 | 1.0.0 | 36.00 | OK | |||
r-release-macos-x86_64 | 1.0.0 | 65.00 | OK | |||
r-release-windows-x86_64 | 1.0.0 | 10.00 | 82.00 | 92.00 | OK | |
r-oldrel-macos-arm64 | 1.0.0 | 33.00 | OK | |||
r-oldrel-macos-x86_64 | 1.0.0 | 57.00 | OK | |||
r-oldrel-windows-x86_64 | 1.0.0 | 12.00 | 105.00 | 117.00 | OK |
Version: 1.0.0
Check: examples
Result: NOTE
Examples with CPU (user + system) or elapsed time > 5s
user system elapsed
step3.est 9.304 0.079 11.184
CEP_t 6.283 0.054 7.533
Flavor: r-devel-linux-x86_64-debian-clang
Version: 1.0.0
Check: examples
Result: NOTE
Examples with CPU (user + system) or elapsed time > 5s
user system elapsed
step3.est 4.993 0.066 6.599
CEP_t 3.919 0.049 5.015
Flavor: r-devel-linux-x86_64-debian-gcc