Last updated on 2025-04-30 04:50:10 CEST.
Flavor | Version | Tinstall | Tcheck | Ttotal | Status | Flags |
---|---|---|---|---|---|---|
r-devel-linux-x86_64-debian-clang | 2.1.2 | 20.88 | 139.30 | 160.18 | NOTE | |
r-devel-linux-x86_64-debian-gcc | 2.1.2 | 13.86 | 84.68 | 98.54 | NOTE | |
r-devel-linux-x86_64-fedora-clang | 2.1.2 | 255.62 | OK | |||
r-devel-linux-x86_64-fedora-gcc | 2.1.2 | 242.30 | OK | |||
r-devel-windows-x86_64 | 2.1.2 | 25.00 | 145.00 | 170.00 | OK | |
r-patched-linux-x86_64 | 2.1.2 | 19.89 | 118.51 | 138.40 | OK | |
r-release-linux-x86_64 | 2.1.2 | 20.04 | 117.67 | 137.71 | OK | |
r-release-macos-arm64 | 2.1.2 | 60.00 | OK | |||
r-release-macos-x86_64 | 2.1.2 | 165.00 | OK | |||
r-release-windows-x86_64 | 2.1.2 | 29.00 | 144.00 | 173.00 | OK | |
r-oldrel-macos-arm64 | 2.1.2 | 64.00 | OK | |||
r-oldrel-macos-x86_64 | 2.1.2 | 124.00 | OK | |||
r-oldrel-windows-x86_64 | 2.1.2 | 31.00 | 188.00 | 219.00 | OK |
Version: 2.1.2
Check: examples
Result: NOTE
Examples with CPU (user + system) or elapsed time > 5s
user system elapsed
simulate_under_LTM_multi 8.242 0.004 9.671
Flavor: r-devel-linux-x86_64-debian-clang
Version: 2.1.2
Check: examples
Result: NOTE
Examples with CPU (user + system) or elapsed time > 5s
user system elapsed
simulate_under_LTM_multi 4.716 0.02 5.596
Flavor: r-devel-linux-x86_64-debian-gcc