CRAN Package Check Results for Package LTRCtrees

Last updated on 2025-04-30 04:50:10 CEST.

Flavor Version Tinstall Tcheck Ttotal Status Flags
r-devel-linux-x86_64-debian-clang 1.1.2 2.36 53.81 56.17 NOTE
r-devel-linux-x86_64-debian-gcc 1.1.2 1.84 36.63 38.47 OK
r-devel-linux-x86_64-fedora-clang 1.1.2 95.43 OK
r-devel-linux-x86_64-fedora-gcc 1.1.2 98.29 OK
r-devel-windows-x86_64 1.1.2 4.00 66.00 70.00 OK
r-patched-linux-x86_64 1.1.2 2.50 49.05 51.55 OK
r-release-linux-x86_64 1.1.2 2.35 49.60 51.95 OK
r-release-macos-arm64 1.1.2 33.00 OK
r-release-macos-x86_64 1.1.2 64.00 OK
r-release-windows-x86_64 1.1.2 4.00 66.00 70.00 OK
r-oldrel-macos-arm64 1.1.2 36.00 OK
r-oldrel-macos-x86_64 1.1.2 69.00 OK
r-oldrel-windows-x86_64 1.1.2 4.00 77.00 81.00 OK

Check Details

Version: 1.1.2
Check: examples
Result: NOTE Examples with CPU (user + system) or elapsed time > 5s user system elapsed LTRCIT 7.662 0.004 10.104 Flavor: r-devel-linux-x86_64-debian-clang