Last updated on 2025-04-30 04:50:09 CEST.
Flavor | Version | Tinstall | Tcheck | Ttotal | Status | Flags |
---|---|---|---|---|---|---|
r-devel-linux-x86_64-debian-clang | 2.0.3 | 52.93 | 390.05 | 442.98 | NOTE | |
r-devel-linux-x86_64-debian-gcc | 2.0.3 | 37.59 | 257.38 | 294.97 | NOTE | |
r-devel-linux-x86_64-fedora-clang | 2.0.3 | 697.07 | OK | |||
r-devel-linux-x86_64-fedora-gcc | 2.0.3 | 700.11 | OK | |||
r-devel-windows-x86_64 | 2.0.3 | 60.00 | 461.00 | 521.00 | OK | |
r-patched-linux-x86_64 | 2.0.3 | 56.40 | 372.41 | 428.81 | OK | |
r-release-linux-x86_64 | 2.0.3 | 50.18 | 371.24 | 421.42 | OK | |
r-release-macos-arm64 | 2.0.3 | 326.00 | OK | |||
r-release-macos-x86_64 | 2.0.3 | 505.00 | OK | |||
r-release-windows-x86_64 | 2.0.3 | 62.00 | 457.00 | 519.00 | OK | |
r-oldrel-macos-arm64 | 2.0.3 | 207.00 | NOTE | |||
r-oldrel-macos-x86_64 | 2.0.3 | 416.00 | NOTE | |||
r-oldrel-windows-x86_64 | 2.0.3 | 70.00 | 621.00 | 691.00 | NOTE |
Version: 2.0.3
Check: examples
Result: NOTE
Examples with CPU (user + system) or elapsed time > 5s
user system elapsed
penalty 6.531 0.024 8.426
gamma2 6.026 0.143 7.937
qreml 5.919 0.012 6.504
Flavor: r-devel-linux-x86_64-debian-clang
Version: 2.0.3
Check: examples
Result: NOTE
Examples with CPU (user + system) or elapsed time > 5s
user system elapsed
gamma2 4.979 0.084 6.175
Flavor: r-devel-linux-x86_64-debian-gcc
Version: 2.0.3
Check: installed package size
Result: NOTE
installed size is 7.2Mb
sub-directories of 1Mb or more:
doc 3.1Mb
libs 3.3Mb
Flavors: r-oldrel-macos-arm64, r-oldrel-macos-x86_64, r-oldrel-windows-x86_64