CRAN Package Check Results for Package Lahman

Last updated on 2025-04-30 04:50:09 CEST.

Flavor Version Tinstall Tcheck Ttotal Status Flags
r-devel-linux-x86_64-debian-clang 12.0-0 41.42 88.65 130.07 NOTE
r-devel-linux-x86_64-debian-gcc 12.0-0 28.31 65.23 93.54 NOTE
r-devel-linux-x86_64-fedora-clang 12.0-0 199.28 OK
r-devel-linux-x86_64-fedora-gcc 12.0-0 212.33 OK
r-devel-windows-x86_64 12.0-0 39.00 118.00 157.00 OK
r-patched-linux-x86_64 12.0-0 42.44 84.99 127.43 NOTE
r-release-linux-x86_64 12.0-0 38.28 83.81 122.09 NOTE
r-release-macos-arm64 12.0-0 84.00 OK
r-release-macos-x86_64 12.0-0 134.00 OK
r-release-windows-x86_64 12.0-0 39.00 118.00 157.00 OK
r-oldrel-macos-arm64 12.0-0 84.00 NOTE
r-oldrel-macos-x86_64 12.0-0 139.00 NOTE
r-oldrel-windows-x86_64 12.0-0 47.00 138.00 185.00 NOTE

Check Details

Version: 12.0-0
Check: examples
Result: NOTE Examples with CPU (user + system) or elapsed time > 5s user system elapsed Batting 4.527 0.238 6.593 Teams 4.269 0.113 5.986 Flavor: r-devel-linux-x86_64-debian-clang

Version: 12.0-0
Check: for unstated dependencies in ‘demo’
Result: NOTE 'library' or 'require' call not declared from: ‘plyr’ Flavors: r-devel-linux-x86_64-debian-clang, r-devel-linux-x86_64-debian-gcc, r-patched-linux-x86_64, r-release-linux-x86_64

Version: 12.0-0
Check: installed package size
Result: NOTE installed size is 6.8Mb sub-directories of 1Mb or more: data 5.9Mb Flavors: r-oldrel-macos-arm64, r-oldrel-macos-x86_64, r-oldrel-windows-x86_64