Last updated on 2025-04-30 04:50:09 CEST.
Flavor | Version | Tinstall | Tcheck | Ttotal | Status | Flags |
---|---|---|---|---|---|---|
r-devel-linux-x86_64-debian-clang | 9.3.0 | 11.41 | 446.91 | 458.32 | NOTE | |
r-devel-linux-x86_64-debian-gcc | 9.3.0 | 7.22 | 553.34 | 560.56 | NOTE | |
r-devel-linux-x86_64-fedora-clang | 9.3.0 | 642.39 | OK | |||
r-devel-linux-x86_64-fedora-gcc | 9.3.0 | 658.20 | OK | |||
r-devel-windows-x86_64 | 9.3.0 | 15.00 | 77.00 | 92.00 | OK | --no-examples --no-tests --no-vignettes |
r-patched-linux-x86_64 | 9.3.0 | 11.72 | 464.35 | 476.07 | OK | |
r-release-linux-x86_64 | 9.3.0 | 10.18 | 433.66 | 443.84 | OK | |
r-release-macos-arm64 | 9.3.0 | 259.00 | OK | |||
r-release-macos-x86_64 | 9.3.0 | 510.00 | OK | |||
r-release-windows-x86_64 | 9.3.0 | 16.00 | 80.00 | 96.00 | OK | --no-examples --no-tests --no-vignettes |
r-oldrel-macos-arm64 | 9.3.0 | 243.00 | OK | |||
r-oldrel-macos-x86_64 | 9.3.0 | 370.00 | OK | |||
r-oldrel-windows-x86_64 | 9.3.0 | 20.00 | 66.00 | 86.00 | OK | --no-examples --no-tests --no-vignettes |
Version: 9.3.0
Check: examples
Result: NOTE
Examples with CPU (user + system) or elapsed time > 5s
user system elapsed
LatticeKrig 9.055 0.013 11.073
LKrig.basis 7.162 0.087 8.690
nonstationaryModels 6.901 0.118 9.149
LKrig 6.793 0.059 9.071
LKrig.MLE 6.722 0.039 8.447
LKrig.sim 3.842 0.081 5.400
Flavor: r-devel-linux-x86_64-debian-clang
Version: 9.3.0
Check: examples
Result: NOTE
Examples with CPU (user + system) or elapsed time > 5s
user system elapsed
LatticeKrig 19.589 0.016 23.994
LKrig.basis 16.044 0.049 21.112
LKrig 14.115 0.045 17.472
nonstationaryModels 12.922 0.095 15.634
LKrig.sim 8.520 0.035 10.117
LKrig.MLE 8.257 0.016 10.218
Radial.Basis 7.727 0.012 9.192
Flavor: r-devel-linux-x86_64-debian-gcc