CRAN Package Check Results for Package LeArEst

Last updated on 2025-04-30 04:50:09 CEST.

Flavor Version Tinstall Tcheck Ttotal Status Flags
r-devel-linux-x86_64-debian-clang 1.0.0 4.63 27.07 31.70 OK
r-devel-linux-x86_64-debian-gcc 1.0.0 3.38 19.91 23.29 OK
r-devel-linux-x86_64-fedora-clang 1.0.0 49.76 OK
r-devel-linux-x86_64-fedora-gcc 1.0.0 47.04 OK
r-devel-windows-x86_64 1.0.0 6.00 48.00 54.00 OK
r-patched-linux-x86_64 1.0.0 4.64 25.84 30.48 OK
r-release-linux-x86_64 1.0.0 3.73 25.94 29.67 OK
r-release-macos-arm64 1.0.0 33.00 OK
r-release-macos-x86_64 1.0.0 36.00 OK
r-release-windows-x86_64 1.0.0 6.00 46.00 52.00 OK
r-oldrel-macos-arm64 1.0.0 19.00 NOTE
r-oldrel-macos-x86_64 1.0.0 26.00 NOTE
r-oldrel-windows-x86_64 1.0.0 7.00 49.00 56.00 NOTE

Check Details

Version: 1.0.0
Check: LazyData
Result: NOTE 'LazyData' is specified without a 'data' directory Flavors: r-oldrel-macos-arm64, r-oldrel-macos-x86_64, r-oldrel-windows-x86_64