Last updated on 2025-04-30 04:50:09 CEST.
Flavor | Version | Tinstall | Tcheck | Ttotal | Status | Flags |
---|---|---|---|---|---|---|
r-devel-linux-x86_64-debian-clang | 0.0.2.0 | 8.24 | 71.70 | 79.94 | NOTE | |
r-devel-linux-x86_64-debian-gcc | 0.0.2.0 | 5.16 | 46.62 | 51.78 | OK | |
r-devel-linux-x86_64-fedora-clang | 0.0.2.0 | 112.98 | OK | |||
r-devel-linux-x86_64-fedora-gcc | 0.0.2.0 | 105.34 | OK | |||
r-devel-windows-x86_64 | 0.0.2.0 | 10.00 | 77.00 | 87.00 | OK | |
r-patched-linux-x86_64 | 0.0.2.0 | 8.61 | 63.22 | 71.83 | OK | |
r-release-linux-x86_64 | 0.0.2.0 | 7.28 | 63.31 | 70.59 | OK | |
r-release-macos-arm64 | 0.0.2.0 | 27.00 | OK | |||
r-release-macos-x86_64 | 0.0.2.0 | 49.00 | OK | |||
r-release-windows-x86_64 | 0.0.2.0 | 11.00 | 76.00 | 87.00 | OK | |
r-oldrel-macos-arm64 | 0.0.2.0 | 39.00 | OK | |||
r-oldrel-macos-x86_64 | 0.0.2.0 | 60.00 | OK | |||
r-oldrel-windows-x86_64 | 0.0.2.0 | 12.00 | 92.00 | 104.00 | OK |
Version: 0.0.2.0
Check: examples
Result: NOTE
Examples with CPU (user + system) or elapsed time > 5s
user system elapsed
lfp_data 4.395 0.115 6.272
Flavor: r-devel-linux-x86_64-debian-clang