CRAN Package Check Results for Package LifeInsureR

Last updated on 2025-02-21 03:52:16 CET.

Flavor Version Tinstall Tcheck Ttotal Status Flags
r-devel-linux-x86_64-debian-clang 1.0.0 21.14 185.62 206.76 NOTE
r-devel-linux-x86_64-debian-gcc 1.0.0 15.49 149.02 164.51 NOTE
r-devel-linux-x86_64-fedora-clang 1.0.0 319.60 OK
r-devel-linux-x86_64-fedora-gcc 1.0.0 310.74 OK
r-devel-macos-arm64 1.0.0 102.00 OK
r-devel-macos-x86_64 1.0.0 206.00 OK
r-devel-windows-x86_64 1.0.0 22.00 185.00 207.00 NOTE
r-patched-linux-x86_64 1.0.0 27.59 172.23 199.82 OK
r-release-linux-x86_64 1.0.0 21.73 170.82 192.55 OK
r-release-macos-arm64 1.0.0 96.00 OK
r-release-macos-x86_64 1.0.0 167.00 OK
r-release-windows-x86_64 1.0.0 21.00 185.00 206.00 OK
r-oldrel-macos-arm64 1.0.0 101.00 OK
r-oldrel-macos-x86_64 1.0.0 195.00 OK
r-oldrel-windows-x86_64 1.0.0 28.00 237.00 265.00 OK

Check Details

Version: 1.0.0
Check: Rd cross-references
Result: NOTE Found the following Rd file(s) with Rd \link{} targets missing package anchors: InsuranceContract.ParameterDefaults.Rd: mortalityTable makeContractGridDimname.Rd: mortalityTable Please provide package anchors for all Rd \link{} targets not in the package itself and the base packages. Flavors: r-devel-linux-x86_64-debian-clang, r-devel-linux-x86_64-debian-gcc, r-devel-windows-x86_64