Last updated on 2025-04-30 04:50:10 CEST.
Flavor | Version | Tinstall | Tcheck | Ttotal | Status | Flags |
---|---|---|---|---|---|---|
r-devel-linux-x86_64-debian-clang | 1.2.2 | 10.54 | 91.05 | 101.59 | NOTE | |
r-devel-linux-x86_64-debian-gcc | 1.2.2 | 7.84 | 61.51 | 69.35 | NOTE | |
r-devel-linux-x86_64-fedora-clang | 1.2.2 | 146.79 | NOTE | |||
r-devel-linux-x86_64-fedora-gcc | 1.2.2 | 143.15 | NOTE | |||
r-devel-windows-x86_64 | 1.2.2 | 13.00 | 96.00 | 109.00 | OK | |
r-patched-linux-x86_64 | 1.2.2 | 11.33 | 82.79 | 94.12 | OK | |
r-release-linux-x86_64 | 1.2.2 | 10.34 | 83.02 | 93.36 | OK | |
r-release-macos-arm64 | 1.2.2 | 43.00 | OK | |||
r-release-macos-x86_64 | 1.2.2 | 88.00 | OK | |||
r-release-windows-x86_64 | 1.2.2 | 13.00 | 96.00 | 109.00 | OK | |
r-oldrel-macos-arm64 | 1.2.2 | 41.00 | OK | |||
r-oldrel-macos-x86_64 | 1.2.2 | 67.00 | OK | |||
r-oldrel-windows-x86_64 | 1.2.2 | 16.00 | 123.00 | 139.00 | OK |
Version: 1.2.2
Check: CRAN incoming feasibility
Result: NOTE
Maintainer: ‘Travis Barton <travisdatabarton@gmail.com>’
No Authors@R field in DESCRIPTION.
Please add one, modifying
Authors@R: person(given = "Travis",
family = "Barton",
role = c("aut", "cre"),
email = "travisdatabarton@gmail.com",
comment = "2018")
as necessary.
Flavors: r-devel-linux-x86_64-debian-clang, r-devel-linux-x86_64-debian-gcc
Version: 1.2.2
Check: dependencies in R code
Result: NOTE
Namespaces in Imports field not imported from:
‘SnowballC’ ‘data.table’ ‘e1071’ ‘fastmatch’
All declared Imports should be used.
Flavors: r-devel-linux-x86_64-fedora-clang, r-devel-linux-x86_64-fedora-gcc