CRAN Package Check Results for Package LinkedMatrix

Last updated on 2025-04-30 04:50:10 CEST.

Flavor Version Tinstall Tcheck Ttotal Status Flags
r-devel-linux-x86_64-debian-clang 1.4.0 3.30 30.20 33.50 NOTE
r-devel-linux-x86_64-debian-gcc 1.4.0 2.35 22.65 25.00 NOTE
r-devel-linux-x86_64-fedora-clang 1.4.0 50.00 OK
r-devel-linux-x86_64-fedora-gcc 1.4.0 50.66 OK
r-devel-windows-x86_64 1.4.0 5.00 50.00 55.00 OK
r-patched-linux-x86_64 1.4.0 3.96 27.71 31.67 OK
r-release-linux-x86_64 1.4.0 2.92 27.56 30.48 OK
r-release-macos-arm64 1.4.0 19.00 OK
r-release-macos-x86_64 1.4.0 50.00 OK
r-release-windows-x86_64 1.4.0 5.00 51.00 56.00 OK
r-oldrel-macos-arm64 1.4.0 26.00 OK
r-oldrel-macos-x86_64 1.4.0 42.00 OK
r-oldrel-windows-x86_64 1.4.0 5.00 53.00 58.00 OK

Check Details

Version: 1.4.0
Check: CRAN incoming feasibility
Result: NOTE Maintainer: ‘Alexander Grueneberg <cran@agrueneberg.info>’ Package CITATION file contains call(s) to old-style citEntry(). Please use bibentry() instead. Flavors: r-devel-linux-x86_64-debian-clang, r-devel-linux-x86_64-debian-gcc