Last updated on 2025-04-30 04:50:10 CEST.
Flavor | Version | Tinstall | Tcheck | Ttotal | Status | Flags |
---|---|---|---|---|---|---|
r-devel-linux-x86_64-debian-clang | 1.0 | 2.93 | 56.48 | 59.41 | NOTE | |
r-devel-linux-x86_64-debian-gcc | 1.0 | 2.25 | 40.00 | 42.25 | NOTE | |
r-devel-linux-x86_64-fedora-clang | 1.0 | 95.34 | NOTE | |||
r-devel-linux-x86_64-fedora-gcc | 1.0 | 108.03 | NOTE | |||
r-devel-windows-x86_64 | 1.0 | 4.00 | 78.00 | 82.00 | OK | |
r-patched-linux-x86_64 | 1.0 | 3.24 | 54.86 | 58.10 | OK | |
r-release-linux-x86_64 | 1.0 | 2.76 | 53.26 | 56.02 | OK | |
r-release-macos-arm64 | 1.0 | 38.00 | OK | |||
r-release-macos-x86_64 | 1.0 | 75.00 | OK | |||
r-release-windows-x86_64 | 1.0 | 5.00 | 78.00 | 83.00 | OK | |
r-oldrel-macos-arm64 | 1.0 | 35.00 | OK | |||
r-oldrel-macos-x86_64 | 1.0 | 59.00 | OK | |||
r-oldrel-windows-x86_64 | 1.0 | 5.00 | 90.00 | 95.00 | OK |
Version: 1.0
Check: examples
Result: NOTE
Examples with CPU (user + system) or elapsed time > 5s
user system elapsed
getOptimalSpline 6.400 0.147 7.968
plotmodelSelectionEvaluation 6.139 0.004 8.138
lobraModelSelection 6.026 0.024 7.898
Flavor: r-devel-linux-x86_64-debian-clang
Version: 1.0
Check: examples
Result: NOTE
Examples with CPU (user + system) or elapsed time > 5s
user system elapsed
getOptimalSpline 4.566 0.012 6.266
lobraModelSelection 3.822 0.027 5.145
Flavor: r-devel-linux-x86_64-debian-gcc
Version: 1.0
Check: dependencies in R code
Result: NOTE
Namespaces in Imports field not imported from:
‘RColorBrewer’ ‘base’ ‘qpdf’
All declared Imports should be used.
Flavors: r-devel-linux-x86_64-fedora-clang, r-devel-linux-x86_64-fedora-gcc