CRAN Package Check Results for Package LoBrA

Last updated on 2025-11-03 03:49:46 CET.

Flavor Version Tinstall Tcheck Ttotal Status Flags
r-devel-linux-x86_64-debian-clang 1.0 2.67 60.05 62.72 OK
r-devel-linux-x86_64-debian-gcc 1.0 1.99 41.65 43.64 OK
r-devel-linux-x86_64-fedora-clang 1.0 99.41 NOTE
r-devel-linux-x86_64-fedora-gcc 1.0 108.60 NOTE
r-devel-windows-x86_64 1.0 4.00 75.00 79.00 OK
r-patched-linux-x86_64 1.0 2.87 54.70 57.57 OK
r-release-linux-x86_64 1.0 2.83 55.08 57.91 OK
r-release-macos-arm64 1.0 2.00 36.00 38.00 OK
r-release-macos-x86_64 1.0 2.00 73.00 75.00 OK
r-release-windows-x86_64 1.0 4.00 75.00 79.00 OK
r-oldrel-macos-arm64 1.0 2.00 33.00 35.00 OK
r-oldrel-macos-x86_64 1.0 2.00 57.00 59.00 OK
r-oldrel-windows-x86_64 1.0 5.00 97.00 102.00 OK

Check Details

Version: 1.0
Check: dependencies in R code
Result: NOTE Namespaces in Imports field not imported from: ‘RColorBrewer’ ‘base’ ‘qpdf’ All declared Imports should be used. Flavors: r-devel-linux-x86_64-fedora-clang, r-devel-linux-x86_64-fedora-gcc