Last updated on 2025-11-03 03:49:46 CET.
| Flavor | Version | Tinstall | Tcheck | Ttotal | Status | Flags | 
|---|---|---|---|---|---|---|
| r-devel-linux-x86_64-debian-clang | 0.1.1 | 10.26 | 137.41 | 147.67 | OK | |
| r-devel-linux-x86_64-debian-gcc | 0.1.1 | 8.29 | 97.74 | 106.03 | OK | |
| r-devel-linux-x86_64-fedora-clang | 0.1.1 | 90.00 | 159.33 | 249.33 | OK | |
| r-devel-linux-x86_64-fedora-gcc | 0.1.1 | 64.00 | 187.49 | 251.49 | OK | |
| r-devel-windows-x86_64 | 0.1.1 | 12.00 | 133.00 | 145.00 | OK | |
| r-patched-linux-x86_64 | 0.1.1 | 11.24 | 140.78 | 152.02 | OK | |
| r-release-linux-x86_64 | 0.1.1 | 10.66 | 129.05 | 139.71 | OK | |
| r-release-macos-arm64 | 0.1.1 | 6.00 | 76.00 | 82.00 | OK | |
| r-release-macos-x86_64 | 0.1.1 | 10.00 | 132.00 | 142.00 | OK | |
| r-release-windows-x86_64 | 0.1.1 | 11.00 | 128.00 | 139.00 | OK | |
| r-oldrel-macos-arm64 | 0.1.1 | 5.00 | 63.00 | 68.00 | NOTE | |
| r-oldrel-macos-x86_64 | 0.1.1 | 9.00 | 101.00 | 110.00 | NOTE | |
| r-oldrel-windows-x86_64 | 0.1.1 | 15.00 | 179.00 | 194.00 | NOTE | 
Version: 0.1.1
Check: LazyData
Result: NOTE
    'LazyData' is specified without a 'data' directory
Flavors: r-oldrel-macos-arm64, r-oldrel-macos-x86_64, r-oldrel-windows-x86_64