Last updated on 2025-04-30 04:50:10 CEST.
Flavor | Version | Tinstall | Tcheck | Ttotal | Status | Flags |
---|---|---|---|---|---|---|
r-devel-linux-x86_64-debian-clang | 1.2.1 | 25.78 | 234.01 | 259.79 | NOTE | |
r-devel-linux-x86_64-debian-gcc | 1.2.1 | 19.13 | 156.00 | 175.13 | NOTE | |
r-devel-linux-x86_64-fedora-clang | 1.2.1 | 431.79 | OK | |||
r-devel-linux-x86_64-fedora-gcc | 1.2.1 | 386.83 | OK | |||
r-devel-windows-x86_64 | 1.2.1 | 27.00 | 230.00 | 257.00 | OK | |
r-patched-linux-x86_64 | 1.2.1 | 23.02 | 221.34 | 244.36 | OK | |
r-release-linux-x86_64 | 1.2.1 | 24.32 | 218.75 | 243.07 | OK | |
r-release-macos-arm64 | 1.2.1 | 108.00 | OK | |||
r-release-macos-x86_64 | 1.2.1 | 286.00 | OK | |||
r-release-windows-x86_64 | 1.2.1 | 29.00 | 230.00 | 259.00 | OK | |
r-oldrel-macos-arm64 | 1.2.1 | 109.00 | OK | |||
r-oldrel-macos-x86_64 | 1.2.1 | 238.00 | OK | |||
r-oldrel-windows-x86_64 | 1.2.1 | 35.00 | 307.00 | 342.00 | OK |
Version: 1.2.1
Check: examples
Result: NOTE
Examples with CPU (user + system) or elapsed time > 5s
user system elapsed
differential_bar 8.908 0.023 10.724
network_visual 8.924 0.007 10.506
structure_plot 8.745 0.168 10.897
indicator_analysis 4.801 0.048 5.452
compare_plot 4.593 0.002 5.382
NC_remove 3.171 0.039 5.592
circulation_lm 2.577 0.022 5.068
Flavor: r-devel-linux-x86_64-debian-clang
Version: 1.2.1
Check: examples
Result: NOTE
Examples with CPU (user + system) or elapsed time > 5s
user system elapsed
network_visual 6.662 0.018 9.470
structure_plot 5.344 0.233 8.002
differential_bar 4.792 0.006 6.058
Flavor: r-devel-linux-x86_64-debian-gcc