Last updated on 2025-04-29 04:50:08 CEST.
Flavor | Version | Tinstall | Tcheck | Ttotal | Status | Flags |
---|---|---|---|---|---|---|
r-devel-linux-x86_64-debian-clang | 2.1.0 | 62.71 | 147.92 | 210.63 | OK | |
r-devel-linux-x86_64-debian-gcc | 2.1.0 | 41.45 | 103.29 | 144.74 | NOTE | |
r-devel-linux-x86_64-fedora-clang | 2.1.0 | 376.00 | OK | |||
r-devel-linux-x86_64-fedora-gcc | 2.1.0 | 344.19 | OK | |||
r-devel-windows-x86_64 | 2.1.0 | 72.00 | 165.00 | 237.00 | OK | |
r-patched-linux-x86_64 | 2.1.0 | 59.20 | 143.10 | 202.30 | OK | |
r-release-linux-x86_64 | 2.1.0 | 53.23 | 143.66 | 196.89 | OK | |
r-release-macos-arm64 | 2.1.0 | 81.00 | OK | |||
r-release-macos-x86_64 | 2.1.0 | 170.00 | OK | |||
r-release-windows-x86_64 | 2.1.0 | 74.00 | 171.00 | 245.00 | OK | |
r-oldrel-macos-arm64 | 2.1.0 | 84.00 | OK | |||
r-oldrel-macos-x86_64 | 2.1.0 | 187.00 | OK | |||
r-oldrel-windows-x86_64 | 2.1.0 | 85.00 | 227.00 | 312.00 | OK |
Version: 2.1.0
Check: examples
Result: NOTE
Examples with CPU (user + system) or elapsed time > 5s
user system elapsed
Lorenz.boot 6.716 0.102 8.385
diagnostic.PLR 6.628 0.080 7.509
Lorenz.boot.combine 5.786 0.133 7.479
Flavor: r-devel-linux-x86_64-debian-gcc