CRAN Package Check Results for Package M2SMF

Last updated on 2025-04-30 04:50:10 CEST.

Flavor Version Tinstall Tcheck Ttotal Status Flags
r-devel-linux-x86_64-debian-clang 2.0 4.42 39.53 43.95 OK
r-devel-linux-x86_64-debian-gcc 2.0 3.55 29.78 33.33 OK
r-devel-linux-x86_64-fedora-clang 2.0 70.78 OK
r-devel-linux-x86_64-fedora-gcc 2.0 82.33 OK
r-devel-windows-x86_64 2.0 5.00 61.00 66.00 OK
r-patched-linux-x86_64 2.0 3.98 37.34 41.32 OK
r-release-linux-x86_64 2.0 3.94 37.21 41.15 OK
r-release-macos-arm64 2.0 42.00 OK
r-release-macos-x86_64 2.0 52.00 OK
r-release-windows-x86_64 2.0 6.00 59.00 65.00 OK
r-oldrel-macos-arm64 2.0 29.00 NOTE
r-oldrel-macos-x86_64 2.0 44.00 NOTE
r-oldrel-windows-x86_64 2.0 6.00 69.00 75.00 NOTE

Check Details

Version: 2.0
Check: LazyData
Result: NOTE 'LazyData' is specified without a 'data' directory Flavors: r-oldrel-macos-arm64, r-oldrel-macos-x86_64, r-oldrel-windows-x86_64