Last updated on 2025-11-03 03:49:46 CET.
| Flavor | Version | Tinstall | Tcheck | Ttotal | Status | Flags |
|---|---|---|---|---|---|---|
| r-devel-linux-x86_64-debian-clang | 0.4 | 8.34 | 46.83 | 55.17 | NOTE | |
| r-devel-linux-x86_64-debian-gcc | 0.4 | 6.67 | 36.08 | 42.75 | NOTE | |
| r-devel-linux-x86_64-fedora-clang | 0.4 | 37.00 | 53.50 | 90.50 | OK | |
| r-devel-linux-x86_64-fedora-gcc | 0.4 | 21.00 | 65.78 | 86.78 | OK | |
| r-devel-windows-x86_64 | 0.4 | 10.00 | 62.00 | 72.00 | OK | |
| r-patched-linux-x86_64 | 0.4 | 8.54 | 45.31 | 53.85 | OK | |
| r-release-linux-x86_64 | 0.4 | 7.91 | 45.47 | 53.38 | OK | |
| r-release-macos-arm64 | 0.4 | 5.00 | 29.00 | 34.00 | OK | |
| r-release-macos-x86_64 | 0.4 | 9.00 | 44.00 | 53.00 | OK | |
| r-release-windows-x86_64 | 0.4 | 9.00 | 63.00 | 72.00 | OK | |
| r-oldrel-macos-arm64 | 0.4 | 5.00 | 26.00 | 31.00 | OK | |
| r-oldrel-macos-x86_64 | 0.4 | 9.00 | 48.00 | 57.00 | OK | |
| r-oldrel-windows-x86_64 | 0.4 | 12.00 | 73.00 | 85.00 | OK |
Version: 0.4
Check: CRAN incoming feasibility
Result: NOTE
Maintainer: ‘Jenise Swall <jswall@vcu.edu>’
No Authors@R field in DESCRIPTION.
Please add one, modifying
Authors@R: person(given = "Jenise",
family = "Swall",
role = c("aut", "cre"),
email = "jswall@vcu.edu")
as necessary.
Flavors: r-devel-linux-x86_64-debian-clang, r-devel-linux-x86_64-debian-gcc