Last updated on 2025-02-21 03:52:16 CET.
Flavor | Version | Tinstall | Tcheck | Ttotal | Status | Flags |
---|---|---|---|---|---|---|
r-devel-linux-x86_64-debian-clang | 1.1.1 | 49.44 | 365.43 | 414.87 | OK | |
r-devel-linux-x86_64-debian-gcc | 1.1.1 | 0.30 | 1.78 | 2.08 | ERROR | |
r-devel-linux-x86_64-fedora-clang | 1.1.1 | 709.37 | OK | |||
r-devel-linux-x86_64-fedora-gcc | 1.1.1 | 679.80 | OK | |||
r-devel-macos-arm64 | 1.1.1 | 157.00 | OK | |||
r-devel-macos-x86_64 | 1.1.1 | 390.00 | OK | |||
r-devel-windows-x86_64 | 1.1.1 | 42.00 | 288.00 | 330.00 | OK | |
r-patched-linux-x86_64 | 1.1.1 | 43.67 | 317.98 | 361.65 | OK | |
r-release-linux-x86_64 | 1.1.1 | 40.07 | 320.19 | 360.26 | OK | |
r-release-macos-arm64 | 1.1.1 | 159.00 | OK | |||
r-release-macos-x86_64 | 1.1.1 | 253.00 | OK | |||
r-release-windows-x86_64 | 1.1.1 | 39.00 | 284.00 | 323.00 | OK | |
r-oldrel-macos-arm64 | 1.1.1 | 160.00 | OK | |||
r-oldrel-macos-x86_64 | 1.1.1 | 313.00 | OK | |||
r-oldrel-windows-x86_64 | 1.1.1 | 48.00 | 377.00 | 425.00 | OK |
Version: 1.1.1
Check: package dependencies
Result: ERROR
Package required but not available: ‘GenomicFeatures’
See section ‘The DESCRIPTION file’ in the ‘Writing R Extensions’
manual.
Flavor: r-devel-linux-x86_64-debian-gcc