Last updated on 2025-04-30 04:50:10 CEST.
Flavor | Version | Tinstall | Tcheck | Ttotal | Status | Flags |
---|---|---|---|---|---|---|
r-devel-linux-x86_64-debian-clang | 1.0.1 | 20.54 | 29.08 | 49.62 | NOTE | |
r-devel-linux-x86_64-debian-gcc | 1.0.1 | 17.34 | 22.33 | 39.67 | NOTE | |
r-devel-linux-x86_64-fedora-clang | 1.0.1 | 93.00 | OK | |||
r-devel-linux-x86_64-fedora-gcc | 1.0.1 | 89.14 | OK | |||
r-devel-windows-x86_64 | 1.0.1 | 28.00 | 79.00 | 107.00 | OK | |
r-patched-linux-x86_64 | 1.0.1 | 22.26 | 27.95 | 50.21 | OK | |
r-release-linux-x86_64 | 1.0.1 | 20.70 | 28.01 | 48.71 | OK | |
r-release-macos-arm64 | 1.0.1 | 45.00 | OK | |||
r-release-macos-x86_64 | 1.0.1 | 46.00 | OK | |||
r-release-windows-x86_64 | 1.0.1 | 27.00 | 76.00 | 103.00 | OK | |
r-oldrel-macos-arm64 | 1.0.1 | 28.00 | OK | |||
r-oldrel-macos-x86_64 | 1.0.1 | 41.00 | OK | |||
r-oldrel-windows-x86_64 | 1.0.1 | 32.00 | 85.00 | 117.00 | OK |
Version: 1.0.1
Check: CRAN incoming feasibility
Result: NOTE
Maintainer: ‘Andrew Chapple <achapp@lsuhsc.edu>’
No Authors@R field in DESCRIPTION.
Please add one, modifying
Authors@R: person(given = "Andrew",
family = "Chapple",
role = c("aut", "cre"),
email = "achapp@lsuhsc.edu")
as necessary.
Flavors: r-devel-linux-x86_64-debian-clang, r-devel-linux-x86_64-debian-gcc