Last updated on 2025-04-30 04:50:10 CEST.
Flavor | Version | Tinstall | Tcheck | Ttotal | Status | Flags |
---|---|---|---|---|---|---|
r-devel-linux-x86_64-debian-clang | 1.0.0 | 119.27 | 99.26 | 218.53 | NOTE | |
r-devel-linux-x86_64-debian-gcc | 1.0.0 | 81.11 | 74.56 | 155.67 | OK | |
r-devel-linux-x86_64-fedora-clang | 1.0.0 | 389.77 | OK | |||
r-devel-linux-x86_64-fedora-gcc | 1.0.0 | 382.74 | OK | |||
r-devel-windows-x86_64 | 1.0.0 | 129.00 | 128.00 | 257.00 | OK | |
r-patched-linux-x86_64 | 1.0.0 | 118.19 | 101.26 | 219.45 | OK | |
r-release-linux-x86_64 | 1.0.0 | 116.58 | 99.99 | 216.57 | OK | |
r-release-macos-arm64 | 1.0.0 | 124.00 | OK | |||
r-release-macos-x86_64 | 1.0.0 | 148.00 | OK | |||
r-release-windows-x86_64 | 1.0.0 | 130.00 | 130.00 | 260.00 | OK | |
r-oldrel-macos-arm64 | 1.0.0 | 94.00 | NOTE | |||
r-oldrel-macos-x86_64 | 1.0.0 | 175.00 | NOTE | |||
r-oldrel-windows-x86_64 | 1.0.0 | 148.00 | 169.00 | 317.00 | OK |
Version: 1.0.0
Check: examples
Result: NOTE
Examples with CPU (user + system) or elapsed time > 5s
user system elapsed
cv_MADMMplasso 3.947 0.125 5.094
Flavor: r-devel-linux-x86_64-debian-clang
Version: 1.0.0
Check: installed package size
Result: NOTE
installed size is 7.4Mb
sub-directories of 1Mb or more:
libs 7.2Mb
Flavors: r-oldrel-macos-arm64, r-oldrel-macos-x86_64