Last updated on 2025-04-30 04:50:10 CEST.
Flavor | Version | Tinstall | Tcheck | Ttotal | Status | Flags |
---|---|---|---|---|---|---|
r-devel-linux-x86_64-debian-clang | 1.1.7 | 110.17 | 171.58 | 281.75 | OK | |
r-devel-linux-x86_64-debian-gcc | 1.1.7 | 104.62 | 132.38 | 237.00 | OK | |
r-devel-linux-x86_64-fedora-clang | 1.1.7 | 449.33 | OK | |||
r-devel-linux-x86_64-fedora-gcc | 1.1.7 | 535.88 | OK | |||
r-devel-windows-x86_64 | 1.1.7 | 144.00 | 230.00 | 374.00 | OK | |
r-patched-linux-x86_64 | 1.1.7 | 134.22 | 182.04 | 316.26 | OK | |
r-release-linux-x86_64 | 1.1.7 | 140.59 | 181.45 | 322.04 | OK | |
r-release-macos-arm64 | 1.1.7 | 125.00 | OK | |||
r-release-macos-x86_64 | 1.1.7 | 261.00 | OK | |||
r-release-windows-x86_64 | 1.1.7 | 139.00 | 236.00 | 375.00 | OK | |
r-oldrel-macos-arm64 | 1.1.7 | 76.00 | NOTE | |||
r-oldrel-macos-x86_64 | 1.1.7 | 133.00 | NOTE | |||
r-oldrel-windows-x86_64 | 1.1.7 | 153.00 | 272.00 | 425.00 | NOTE |
Version: 1.1.7
Check: installed package size
Result: NOTE
installed size is 38.1Mb
sub-directories of 1Mb or more:
libs 37.7Mb
Flavors: r-oldrel-macos-arm64, r-oldrel-macos-x86_64
Version: 1.1.7
Check: for GNU extensions in Makefiles
Result: NOTE
GNU make is a SystemRequirements.
Flavors: r-oldrel-macos-arm64, r-oldrel-macos-x86_64, r-oldrel-windows-x86_64