Last updated on 2025-02-21 03:52:16 CET.
Flavor | Version | Tinstall | Tcheck | Ttotal | Status | Flags |
---|---|---|---|---|---|---|
r-devel-linux-x86_64-debian-clang | 1.1.7 | 118.66 | 167.84 | 286.50 | OK | |
r-devel-linux-x86_64-debian-gcc | 1.1.7 | 105.00 | 135.41 | 240.41 | OK | |
r-devel-linux-x86_64-fedora-clang | 1.1.7 | 452.05 | OK | |||
r-devel-linux-x86_64-fedora-gcc | 1.1.7 | 544.97 | OK | |||
r-devel-macos-arm64 | 1.1.7 | 129.00 | OK | |||
r-devel-macos-x86_64 | 1.1.7 | 261.00 | OK | |||
r-devel-windows-x86_64 | 1.1.7 | 119.00 | 228.00 | 347.00 | OK | |
r-patched-linux-x86_64 | 1.1.7 | 147.92 | 174.98 | 322.90 | NOTE | |
r-release-linux-x86_64 | 1.1.7 | 131.31 | 175.24 | 306.55 | NOTE | |
r-release-macos-arm64 | 1.1.7 | 76.00 | NOTE | |||
r-release-macos-x86_64 | 1.1.7 | 133.00 | NOTE | |||
r-release-windows-x86_64 | 1.1.7 | 118.00 | 224.00 | 342.00 | NOTE | |
r-oldrel-macos-arm64 | 1.1.7 | 131.00 | NOTE | |||
r-oldrel-macos-x86_64 | 1.1.7 | 275.00 | NOTE | |||
r-oldrel-windows-x86_64 | 1.1.7 | 155.00 | 255.00 | 410.00 | NOTE |
Version: 1.1.7
Check: for GNU extensions in Makefiles
Result: NOTE
GNU make is a SystemRequirements.
Flavors: r-patched-linux-x86_64, r-release-linux-x86_64, r-release-macos-arm64, r-release-macos-x86_64, r-release-windows-x86_64, r-oldrel-macos-arm64, r-oldrel-macos-x86_64, r-oldrel-windows-x86_64
Version: 1.1.7
Check: installed package size
Result: NOTE
installed size is 38.1Mb
sub-directories of 1Mb or more:
libs 37.7Mb
Flavors: r-release-macos-arm64, r-release-macos-x86_64, r-oldrel-macos-arm64, r-oldrel-macos-x86_64