Last updated on 2025-04-30 04:50:10 CEST.
Flavor | Version | Tinstall | Tcheck | Ttotal | Status | Flags |
---|---|---|---|---|---|---|
r-devel-linux-x86_64-debian-clang | 1.4.2 | 56.49 | 161.45 | 217.94 | NOTE | |
r-devel-linux-x86_64-debian-gcc | 1.4.2 | 43.12 | 127.63 | 170.75 | NOTE | |
r-devel-linux-x86_64-fedora-clang | 1.4.2 | 377.86 | OK | |||
r-devel-linux-x86_64-fedora-gcc | 1.4.2 | 362.58 | OK | |||
r-devel-windows-x86_64 | 1.4.2 | 77.00 | 190.00 | 267.00 | OK | |
r-patched-linux-x86_64 | 1.4.2 | 58.60 | 154.08 | 212.68 | OK | |
r-release-linux-x86_64 | 1.4.2 | 60.36 | 157.47 | 217.83 | OK | |
r-release-macos-arm64 | 1.4.2 | 135.00 | OK | |||
r-release-macos-x86_64 | 1.4.2 | 147.00 | OK | |||
r-release-windows-x86_64 | 1.4.2 | 80.00 | 195.00 | 275.00 | OK | |
r-oldrel-macos-arm64 | 1.4.2 | 86.00 | NOTE | |||
r-oldrel-macos-x86_64 | 1.4.2 | 318.00 | NOTE | |||
r-oldrel-windows-x86_64 | 1.4.2 | 89.00 | 241.00 | 330.00 | NOTE |
Version: 1.4.2
Check: examples
Result: NOTE
Examples with CPU (user + system) or elapsed time > 5s
user system elapsed
glmm.gei 7.932 0.435 10.978
Flavor: r-devel-linux-x86_64-debian-clang
Version: 1.4.2
Check: examples
Result: NOTE
Examples with CPU (user + system) or elapsed time > 5s
user system elapsed
glmm.gei 5.749 0.443 7.507
Flavor: r-devel-linux-x86_64-debian-gcc
Version: 1.4.2
Check: package dependencies
Result: NOTE
Packages suggested but not available for checking:
'SeqArray', 'SeqVarTools'
Flavor: r-oldrel-macos-arm64
Version: 1.4.2
Check: installed package size
Result: NOTE
installed size is 6.8Mb
sub-directories of 1Mb or more:
libs 5.1Mb
Flavors: r-oldrel-macos-arm64, r-oldrel-macos-x86_64
Version: 1.4.2
Check: package dependencies
Result: NOTE
Package suggested but not available for checking: 'doMC'
Flavor: r-oldrel-windows-x86_64