CRAN Package Check Results for Package MAGNAMWAR

Last updated on 2025-04-30 04:50:10 CEST.

Flavor Version Tinstall Tcheck Ttotal Status Flags
r-devel-linux-x86_64-debian-clang 2.0.4 8.86 82.31 91.17 NOTE
r-devel-linux-x86_64-debian-gcc 2.0.4 6.78 60.89 67.67 NOTE
r-devel-linux-x86_64-fedora-clang 2.0.4 145.47 OK
r-devel-linux-x86_64-fedora-gcc 2.0.4 153.93 OK
r-devel-windows-x86_64 2.0.4 12.00 92.00 104.00 OK
r-patched-linux-x86_64 2.0.4 9.17 78.57 87.74 OK
r-release-linux-x86_64 2.0.4 8.58 77.34 85.92 OK
r-release-macos-arm64 2.0.4 78.00 OK
r-release-macos-x86_64 2.0.4 90.00 OK
r-release-windows-x86_64 2.0.4 12.00 92.00 104.00 OK
r-oldrel-macos-arm64 2.0.4 52.00 OK
r-oldrel-macos-x86_64 2.0.4 74.00 OK
r-oldrel-windows-x86_64 2.0.4 13.00 113.00 126.00 OK

Check Details

Version: 2.0.4
Check: CRAN incoming feasibility
Result: NOTE Maintainer: ‘John Chaston <john_chaston@byu.edu>’ Found the following (possibly) invalid file URI: URI: www.orthomcl.org From: inst/doc/using_mag.html Flavors: r-devel-linux-x86_64-debian-clang, r-devel-linux-x86_64-debian-gcc