CRAN Package Check Results for Package MARSANNhybrid

Last updated on 2025-04-30 04:50:11 CEST.

Flavor Version Tinstall Tcheck Ttotal Status Flags
r-devel-linux-x86_64-debian-clang 0.1.0 1.81 19.07 20.88 OK
r-devel-linux-x86_64-debian-gcc 0.1.0 1.71 15.33 17.04 OK
r-devel-linux-x86_64-fedora-clang 0.1.0 32.89 OK
r-devel-linux-x86_64-fedora-gcc 0.1.0 31.29 OK
r-devel-windows-x86_64 0.1.0 3.00 43.00 46.00 OK
r-patched-linux-x86_64 0.1.0 1.13 18.20 19.33 OK
r-release-linux-x86_64 0.1.0 1.83 18.37 20.20 OK
r-release-macos-arm64 0.1.0 32.00 OK
r-release-macos-x86_64 0.1.0 25.00 OK
r-release-windows-x86_64 0.1.0 3.00 41.00 44.00 OK
r-oldrel-macos-arm64 0.1.0 16.00 NOTE
r-oldrel-macos-x86_64 0.1.0 26.00 NOTE
r-oldrel-windows-x86_64 0.1.0 4.00 41.00 45.00 NOTE

Check Details

Version: 0.1.0
Check: LazyData
Result: NOTE 'LazyData' is specified without a 'data' directory Flavors: r-oldrel-macos-arm64, r-oldrel-macos-x86_64, r-oldrel-windows-x86_64