Last updated on 2025-04-30 04:50:11 CEST.
Flavor | Version | Tinstall | Tcheck | Ttotal | Status | Flags |
---|---|---|---|---|---|---|
r-devel-linux-x86_64-debian-clang | 1.4.0 | 23.93 | 269.21 | 293.14 | OK | |
r-devel-linux-x86_64-debian-gcc | 1.4.0 | 15.05 | 180.38 | 195.43 | OK | |
r-devel-linux-x86_64-fedora-clang | 1.4.0 | 481.80 | OK | |||
r-devel-linux-x86_64-fedora-gcc | 1.4.0 | 435.62 | OK | |||
r-devel-windows-x86_64 | 1.4.0 | 24.00 | 255.00 | 279.00 | OK | |
r-patched-linux-x86_64 | 1.4.0 | 21.41 | 257.56 | 278.97 | OK | |
r-release-linux-x86_64 | 1.4.0 | 20.87 | 257.89 | 278.76 | OK | |
r-release-macos-arm64 | 1.4.0 | 163.00 | OK | |||
r-release-macos-x86_64 | 1.4.0 | 245.00 | OK | |||
r-release-windows-x86_64 | 1.4.0 | 25.00 | 252.00 | 277.00 | OK | |
r-oldrel-macos-arm64 | 1.4.0 | 122.00 | NOTE | |||
r-oldrel-macos-x86_64 | 1.4.0 | 193.00 | NOTE | |||
r-oldrel-windows-x86_64 | 1.4.0 | 30.00 | 334.00 | 364.00 | OK |
Version: 1.4.0
Check: package dependencies
Result: NOTE
Packages suggested but not available for checking:
'BSgenome.Hsapiens.NCBI.GRCh38', 'org.Mm.eg.db', 'wiggleplotr'
Flavor: r-oldrel-macos-arm64
Version: 1.4.0
Check: package dependencies
Result: NOTE
Packages suggested but not available for checking:
'BSgenome.Hsapiens.NCBI.GRCh38', 'wiggleplotr'
Flavor: r-oldrel-macos-x86_64