Last updated on 2025-02-21 03:52:17 CET.
Flavor | Version | Tinstall | Tcheck | Ttotal | Status | Flags |
---|---|---|---|---|---|---|
r-devel-linux-x86_64-debian-clang | 1.3.11 | 77.45 | 50.57 | 128.02 | NOTE | |
r-devel-linux-x86_64-debian-gcc | 1.3.11 | 50.13 | 36.13 | 86.26 | NOTE | |
r-devel-linux-x86_64-fedora-clang | 1.3.11 | 207.20 | OK | |||
r-devel-linux-x86_64-fedora-gcc | 1.3.11 | 212.43 | OK | |||
r-devel-macos-arm64 | 1.3.11 | 63.00 | OK | |||
r-devel-macos-x86_64 | 1.3.11 | 102.00 | OK | |||
r-devel-windows-x86_64 | 1.3.11 | 89.00 | 97.00 | 186.00 | NOTE | |
r-patched-linux-x86_64 | 1.3.11 | 69.10 | 44.51 | 113.61 | OK | |
r-release-linux-x86_64 | 1.3.11 | 68.24 | 44.09 | 112.33 | OK | |
r-release-macos-arm64 | 1.3.11 | 63.00 | OK | |||
r-release-macos-x86_64 | 1.3.11 | 73.00 | OK | |||
r-release-windows-x86_64 | 1.3.11 | 90.00 | 93.00 | 183.00 | OK | |
r-oldrel-macos-arm64 | 1.3.11 | 74.00 | OK | |||
r-oldrel-macos-x86_64 | 1.3.11 | 123.00 | OK | |||
r-oldrel-windows-x86_64 | 1.3.11 | 104.00 | 98.00 | 202.00 | OK |
Version: 1.3.11
Check: Rd cross-references
Result: NOTE
Found the following Rd file(s) with Rd \link{} targets missing package
anchors:
predict.mave.Rd: mars
Please provide package anchors for all Rd \link{} targets not in the
package itself and the base packages.
Flavors: r-devel-linux-x86_64-debian-clang, r-devel-linux-x86_64-debian-gcc, r-devel-windows-x86_64