Last updated on 2025-04-30 04:50:11 CEST.
Flavor | Version | Tinstall | Tcheck | Ttotal | Status | Flags |
---|---|---|---|---|---|---|
r-devel-linux-x86_64-debian-clang | 0.0.2 | 13.73 | 55.17 | 68.90 | NOTE | |
r-devel-linux-x86_64-debian-gcc | 0.0.2 | 10.25 | 39.69 | 49.94 | NOTE | |
r-devel-linux-x86_64-fedora-clang | 0.0.2 | 117.15 | OK | |||
r-devel-linux-x86_64-fedora-gcc | 0.0.2 | 123.58 | OK | |||
r-devel-windows-x86_64 | 0.0.2 | 18.00 | 363.00 | 381.00 | OK | |
r-patched-linux-x86_64 | 0.0.2 | 16.05 | 52.80 | 68.85 | OK | |
r-release-linux-x86_64 | 0.0.2 | 16.21 | 53.40 | 69.61 | OK | |
r-release-macos-arm64 | 0.0.2 | 130.00 | OK | |||
r-release-macos-x86_64 | 0.0.2 | 290.00 | OK | |||
r-release-windows-x86_64 | 0.0.2 | 19.00 | 365.00 | 384.00 | OK | |
r-oldrel-macos-arm64 | 0.0.2 | 115.00 | OK | |||
r-oldrel-macos-x86_64 | 0.0.2 | 217.00 | OK | |||
r-oldrel-windows-x86_64 | 0.0.2 | 21.00 | 452.00 | 473.00 | OK |
Version: 0.0.2
Check: CRAN incoming feasibility
Result: NOTE
Maintainer: ‘Meilin Jiang <meilin.jiang@ufl.edu>’
The Description field contains
<arXiv:2301.10064> for more details.
Please refer to arXiv e-prints via their arXiv DOI <doi:10.48550/arXiv.YYMM.NNNNN>.
Flavors: r-devel-linux-x86_64-debian-clang, r-devel-linux-x86_64-debian-gcc