Last updated on 2025-04-30 04:50:10 CEST.
Flavor | Version | Tinstall | Tcheck | Ttotal | Status | Flags |
---|---|---|---|---|---|---|
r-devel-linux-x86_64-debian-clang | 1.2.2 | 7.54 | 280.32 | 287.86 | NOTE | |
r-devel-linux-x86_64-debian-gcc | 1.2.2 | 4.23 | 187.09 | 191.32 | NOTE | |
r-devel-linux-x86_64-fedora-clang | 1.2.2 | 442.94 | OK | |||
r-devel-linux-x86_64-fedora-gcc | 1.2.2 | 451.67 | OK | |||
r-devel-windows-x86_64 | 1.2.2 | 9.00 | 422.00 | 431.00 | OK | |
r-patched-linux-x86_64 | 1.2.2 | 8.64 | 265.12 | 273.76 | OK | |
r-release-linux-x86_64 | 1.2.2 | 5.55 | 268.21 | 273.76 | OK | |
r-release-macos-arm64 | 1.2.2 | 171.00 | OK | |||
r-release-macos-x86_64 | 1.2.2 | 308.00 | OK | |||
r-release-windows-x86_64 | 1.2.2 | 9.00 | 420.00 | 429.00 | OK | |
r-oldrel-macos-arm64 | 1.2.2 | 111.00 | NOTE | |||
r-oldrel-macos-x86_64 | 1.2.2 | 235.00 | NOTE | |||
r-oldrel-windows-x86_64 | 1.2.2 | 11.00 | 469.00 | 480.00 | NOTE |
Version: 1.2.2
Check: CRAN incoming feasibility
Result: NOTE
Maintainer: ‘Shiqi Tu <tushiqi@picb.ac.cn>’
Package CITATION file contains call(s) to old-style personList() or
as.personList(). Please use c() on person objects instead.
Package CITATION file contains call(s) to old-style citEntry(). Please
use bibentry() instead.
Flavors: r-devel-linux-x86_64-debian-clang, r-devel-linux-x86_64-debian-gcc
Version: 1.2.2
Check: examples
Result: NOTE
Examples with CPU (user + system) or elapsed time > 5s
user system elapsed
setWeight 5.701 0.047 7.241
MAplot 4.629 0.133 6.379
setPriorDfRobust 4.701 0.012 5.882
setPriorDf 4.700 0.000 5.801
Flavor: r-devel-linux-x86_64-debian-clang
Version: 1.2.2
Check: installed package size
Result: NOTE
installed size is 5.3Mb
sub-directories of 1Mb or more:
data 1.2Mb
doc 3.5Mb
Flavors: r-oldrel-macos-arm64, r-oldrel-macos-x86_64, r-oldrel-windows-x86_64