Last updated on 2025-02-21 03:52:17 CET.
Flavor | Version | Tinstall | Tcheck | Ttotal | Status | Flags |
---|---|---|---|---|---|---|
r-devel-linux-x86_64-debian-clang | 0.1.1 | 1.99 | 20.40 | 22.39 | OK | |
r-devel-linux-x86_64-debian-gcc | 0.1.1 | 1.52 | 17.00 | 18.52 | OK | |
r-devel-linux-x86_64-fedora-clang | 0.1.1 | 36.67 | NOTE | |||
r-devel-linux-x86_64-fedora-gcc | 0.1.1 | 48.14 | NOTE | |||
r-devel-macos-arm64 | 0.1.1 | 23.00 | OK | |||
r-devel-macos-x86_64 | 0.1.1 | 47.00 | OK | |||
r-devel-windows-x86_64 | 0.1.1 | 3.00 | 42.00 | 45.00 | OK | |
r-patched-linux-x86_64 | 0.1.1 | 1.93 | 19.81 | 21.74 | OK | |
r-release-linux-x86_64 | 0.1.1 | 1.86 | 19.28 | 21.14 | OK | |
r-release-macos-arm64 | 0.1.1 | 20.00 | OK | |||
r-release-macos-x86_64 | 0.1.1 | 47.00 | OK | |||
r-release-windows-x86_64 | 0.1.1 | 4.00 | 40.00 | 44.00 | OK | |
r-oldrel-macos-arm64 | 0.1.1 | 22.00 | OK | |||
r-oldrel-macos-x86_64 | 0.1.1 | 29.00 | OK | |||
r-oldrel-windows-x86_64 | 0.1.1 | 4.00 | 44.00 | 48.00 | OK |
Version: 0.1.1
Check: dependencies in R code
Result: NOTE
Namespace in Imports field not imported from: ‘tibble’
All declared Imports should be used.
Flavors: r-devel-linux-x86_64-fedora-clang, r-devel-linux-x86_64-fedora-gcc