Last updated on 2025-04-30 04:50:11 CEST.
Flavor | Version | Tinstall | Tcheck | Ttotal | Status | Flags |
---|---|---|---|---|---|---|
r-devel-linux-x86_64-debian-clang | 0.1.2 | 3.46 | 45.21 | 48.67 | NOTE | |
r-devel-linux-x86_64-debian-gcc | 0.1.2 | 2.71 | 33.32 | 36.03 | OK | |
r-devel-linux-x86_64-fedora-clang | 0.1.2 | 73.13 | OK | |||
r-devel-linux-x86_64-fedora-gcc | 0.1.2 | 70.88 | OK | |||
r-devel-windows-x86_64 | 0.1.2 | 5.00 | 73.00 | 78.00 | OK | |
r-patched-linux-x86_64 | 0.1.2 | 3.84 | 42.81 | 46.65 | OK | |
r-release-linux-x86_64 | 0.1.2 | 3.60 | 42.87 | 46.47 | OK | |
r-release-macos-arm64 | 0.1.2 | 30.00 | OK | |||
r-release-macos-x86_64 | 0.1.2 | 47.00 | OK | |||
r-release-windows-x86_64 | 0.1.2 | 4.00 | 75.00 | 79.00 | OK | |
r-oldrel-macos-arm64 | 0.1.2 | 27.00 | OK | |||
r-oldrel-macos-x86_64 | 0.1.2 | 39.00 | OK | |||
r-oldrel-windows-x86_64 | 0.1.2 | 6.00 | 79.00 | 85.00 | OK |
Version: 0.1.2
Check: examples
Result: NOTE
Examples with CPU (user + system) or elapsed time > 5s
user system elapsed
constrEM 4.914 0.123 7.34
Flavor: r-devel-linux-x86_64-debian-clang