Last updated on 2025-02-21 03:52:18 CET.
Flavor | Version | Tinstall | Tcheck | Ttotal | Status | Flags |
---|---|---|---|---|---|---|
r-devel-linux-x86_64-debian-clang | 1.0.1-3 | 10.06 | 92.63 | 102.69 | NOTE | |
r-devel-linux-x86_64-debian-gcc | 1.0.1-3 | 8.30 | 68.99 | 77.29 | NOTE | |
r-devel-linux-x86_64-fedora-clang | 1.0.1-3 | 161.50 | OK | |||
r-devel-linux-x86_64-fedora-gcc | 1.0.1-3 | 190.46 | OK | |||
r-devel-macos-arm64 | 1.0.1-3 | 57.00 | OK | |||
r-devel-macos-x86_64 | 1.0.1-3 | 118.00 | OK | |||
r-devel-windows-x86_64 | 1.0.1-3 | 12.00 | 114.00 | 126.00 | NOTE | |
r-patched-linux-x86_64 | 1.0.1-3 | 12.90 | 87.02 | 99.92 | OK | |
r-release-linux-x86_64 | 1.0.1-3 | 8.85 | 86.60 | 95.45 | OK | |
r-release-macos-arm64 | 1.0.1-3 | 50.00 | OK | |||
r-release-macos-x86_64 | 1.0.1-3 | 128.00 | OK | |||
r-release-windows-x86_64 | 1.0.1-3 | 11.00 | 109.00 | 120.00 | OK | |
r-oldrel-macos-arm64 | 1.0.1-3 | 57.00 | OK | |||
r-oldrel-macos-x86_64 | 1.0.1-3 | 90.00 | OK | |||
r-oldrel-windows-x86_64 | 1.0.1-3 | 14.00 | 134.00 | 148.00 | OK |
Version: 1.0.1-3
Check: Rd cross-references
Result: NOTE
Found the following Rd file(s) with Rd \link{} targets missing package
anchors:
mcaSmoother.Rd: lmrob
Please provide package anchors for all Rd \link{} targets not in the
package itself and the base packages.
Flavors: r-devel-linux-x86_64-debian-clang, r-devel-linux-x86_64-debian-gcc, r-devel-windows-x86_64