Last updated on 2025-04-30 04:50:11 CEST.
Flavor | Version | Tinstall | Tcheck | Ttotal | Status | Flags |
---|---|---|---|---|---|---|
r-devel-linux-x86_64-debian-clang | 0.1.7 | 2.50 | 35.15 | 37.65 | NOTE | |
r-devel-linux-x86_64-debian-gcc | 0.1.7 | 2.02 | 26.86 | 28.88 | OK | |
r-devel-linux-x86_64-fedora-clang | 0.1.7 | 63.36 | OK | |||
r-devel-linux-x86_64-fedora-gcc | 0.1.7 | 61.56 | OK | |||
r-devel-windows-x86_64 | 0.1.7 | 4.00 | 60.00 | 64.00 | OK | |
r-patched-linux-x86_64 | 0.1.7 | 2.45 | 33.70 | 36.15 | OK | |
r-release-linux-x86_64 | 0.1.7 | 2.23 | 32.61 | 34.84 | OK | |
r-release-macos-arm64 | 0.1.7 | 38.00 | OK | |||
r-release-macos-x86_64 | 0.1.7 | 37.00 | OK | |||
r-release-windows-x86_64 | 0.1.7 | 4.00 | 58.00 | 62.00 | OK | |
r-oldrel-macos-arm64 | 0.1.7 | 24.00 | OK | |||
r-oldrel-macos-x86_64 | 0.1.7 | 34.00 | OK | |||
r-oldrel-windows-x86_64 | 0.1.7 | 5.00 | 68.00 | 73.00 | OK |
Version: 0.1.7
Check: examples
Result: NOTE
Examples with CPU (user + system) or elapsed time > 5s
user system elapsed
mcm 3.417 0.237 5.008
Flavor: r-devel-linux-x86_64-debian-clang