Last updated on 2025-04-30 04:50:11 CEST.
Flavor | Version | Tinstall | Tcheck | Ttotal | Status | Flags |
---|---|---|---|---|---|---|
r-devel-linux-x86_64-debian-clang | 1.0.10 | 9.66 | 88.89 | 98.55 | NOTE | |
r-devel-linux-x86_64-debian-gcc | 1.0.10 | 7.26 | 62.87 | 70.13 | NOTE | |
r-devel-linux-x86_64-fedora-clang | 1.0.10 | 143.44 | OK | |||
r-devel-linux-x86_64-fedora-gcc | 1.0.10 | 136.25 | OK | |||
r-devel-windows-x86_64 | 1.0.10 | 12.00 | 96.00 | 108.00 | OK | |
r-patched-linux-x86_64 | 1.0.10 | 10.18 | 85.04 | 95.22 | OK | |
r-release-linux-x86_64 | 1.0.10 | 7.88 | 84.43 | 92.31 | OK | |
r-release-macos-arm64 | 1.0.10 | 65.00 | OK | |||
r-release-macos-x86_64 | 1.0.10 | 76.00 | OK | |||
r-release-windows-x86_64 | 1.0.10 | 11.00 | 97.00 | 108.00 | OK | |
r-oldrel-macos-arm64 | 1.0.10 | 43.00 | OK | |||
r-oldrel-macos-x86_64 | 1.0.10 | 79.00 | OK | |||
r-oldrel-windows-x86_64 | 1.0.10 | 14.00 | 117.00 | 131.00 | OK |
Version: 1.0.10
Check: CRAN incoming feasibility
Result: NOTE
Maintainer: ‘Mikhail V. Matz <matz@utexas.edu>’
No Authors@R field in DESCRIPTION.
Please add one, modifying
Authors@R: person(given = c("Mikhail", "V."),
family = "Matz",
role = c("aut", "cre"),
email = "matz@utexas.edu")
as necessary.
File 'R/MCMC.OTU-internal.R' sets .Random.seed.
This is usually neither needed nor wanted.
The Description field contains
http://www.bio.utexas.edu/research/matz_lab/matzlab/Methods_files/walkthroughExample_mcmcOTU_R.txt.
Please enclose URLs in angle brackets (<...>).
Flavors: r-devel-linux-x86_64-debian-clang, r-devel-linux-x86_64-debian-gcc